CRAN Package Check Results for Package PMCMRplus

Last updated on 2021-08-05 12:57:21 CEST.

Flavor Version Tinstall Tcheck Ttotal Status Flags
r-devel-linux-x86_64-debian-clang 1.9.0 18.62 138.18 156.80 OK
r-devel-linux-x86_64-debian-gcc 1.9.0 16.38 101.31 117.69 OK
r-devel-linux-x86_64-fedora-clang 1.9.0 197.09 OK
r-devel-linux-x86_64-fedora-gcc 1.9.0 186.76 OK
r-devel-windows-x86_64 1.9.0 32.00 167.00 199.00 OK
r-devel-windows-x86_64-gcc10-UCRT 1.9.0 NOTE
r-patched-linux-x86_64 1.9.0 23.41 130.38 153.79 OK
r-patched-solaris-x86 1.9.0 223.60 OK
r-release-linux-x86_64 1.9.0 19.33 131.68 151.01 OK
r-release-macos-arm64 1.9.0 OK
r-release-macos-x86_64 1.9.0 OK
r-release-windows-ix86+x86_64 1.9.0 41.00 200.00 241.00 OK
r-oldrel-macos-x86_64 1.9.0 OK
r-oldrel-windows-ix86+x86_64 1.9.0 47.00 206.00 253.00 OK

Check Details

Version: 1.9.0
Check: package dependencies
Result: NOTE
    Packages suggested but not available for checking: 'car', 'NSM3'
Flavor: r-devel-windows-x86_64-gcc10-UCRT

Version: 1.9.0
Check: Rd cross-references
Result: NOTE
    Package unavailable to check Rd xrefs: 'NSM3'
Flavor: r-devel-windows-x86_64-gcc10-UCRT