CRAN Package Check Results for Package PLNmodels

Last updated on 2023-06-01 23:00:12 CEST.

Flavor Version Tinstall Tcheck Ttotal Status Flags
r-devel-linux-x86_64-debian-clang 1.0.1 191.20 481.80 673.00 OK
r-devel-linux-x86_64-debian-gcc 1.0.1 159.81 342.21 502.02 OK
r-devel-linux-x86_64-fedora-clang 1.0.1 883.72 OK
r-devel-linux-x86_64-fedora-gcc 1.0.1 928.75 OK
r-devel-windows-x86_64 1.0.1 143.00 375.00 518.00 OK
r-patched-linux-x86_64 1.0.1 OK
r-release-linux-x86_64 1.0.1 155.07 442.52 597.59 OK
r-release-macos-arm64 1.0.1 229.00 NOTE
r-release-macos-x86_64 1.0.1 383.00 NOTE
r-release-windows-x86_64 1.0.1 190.00 495.00 685.00 OK
r-oldrel-macos-arm64 1.0.1 170.00 NOTE
r-oldrel-macos-x86_64 1.0.1 263.00 NOTE
r-oldrel-windows-x86_64 1.0.1 181.00 463.00 644.00 OK

Check Details

Version: 1.0.1
Check: installed package size
Result: NOTE
     installed size is 13.7Mb
     sub-directories of 1Mb or more:
     doc 2.2Mb
     libs 10.2Mb
Flavors: r-release-macos-arm64, r-release-macos-x86_64, r-oldrel-macos-arm64, r-oldrel-macos-x86_64