CRAN Package Check Results for Package PLMIX

Last updated on 2020-01-19 23:46:53 CET.

Flavor Version Tinstall Tcheck Ttotal Status Flags
r-devel-linux-x86_64-debian-clang 2.1.1 174.02 121.84 295.86 OK
r-devel-linux-x86_64-debian-gcc 2.1.1 100.21 90.76 190.97 OK
r-devel-linux-x86_64-fedora-clang 2.1.1 399.41 NOTE
r-devel-linux-x86_64-fedora-gcc 2.1.1 361.79 NOTE
r-devel-windows-ix86+x86_64 2.1.1 489.00 292.00 781.00 OK
r-devel-windows-ix86+x86_64-gcc8 2.1.1 342.00 235.00 577.00 OK
r-patched-linux-x86_64 2.1.1 120.35 102.54 222.89 OK
r-patched-solaris-x86 2.1.1 381.40 NOTE
r-release-linux-x86_64 2.1.1 130.76 103.13 233.89 OK
r-release-windows-ix86+x86_64 2.1.1 472.00 210.00 682.00 OK
r-release-osx-x86_64 2.1.1 NOTE
r-oldrel-windows-ix86+x86_64 2.1.1 246.00 190.00 436.00 OK
r-oldrel-osx-x86_64 2.1.1 NOTE

Check Details

Version: 2.1.1
Check: dependencies in R code
Result: NOTE
    Namespaces in Imports field not imported from:
     ‘PlackettLuce’ ‘StatRank’ ‘pmr’ ‘prefmod’ ‘rankdist’
     All declared Imports should be used.
Flavors: r-devel-linux-x86_64-fedora-clang, r-devel-linux-x86_64-fedora-gcc, r-patched-solaris-x86, r-release-osx-x86_64, r-oldrel-osx-x86_64