Last updated on 2021-01-24 10:48:51 CET.
Flavor | Version | Tinstall | Tcheck | Ttotal | Status | Flags |
---|---|---|---|---|---|---|
r-devel-linux-x86_64-debian-clang | 2.1.1 | 201.94 | 133.38 | 335.32 | OK | |
r-devel-linux-x86_64-debian-gcc | 2.1.1 | 109.97 | 102.49 | 212.46 | OK | |
r-devel-linux-x86_64-fedora-clang | 2.1.1 | 448.20 | NOTE | |||
r-devel-linux-x86_64-fedora-gcc | 2.1.1 | 391.95 | NOTE | |||
r-devel-windows-ix86+x86_64 | 2.1.1 | 428.00 | 258.00 | 686.00 | OK | |
r-patched-linux-x86_64 | 2.1.1 | 134.03 | 123.44 | 257.47 | OK | |
r-patched-solaris-x86 | 2.1.1 | 425.40 | NOTE | |||
r-release-linux-x86_64 | 2.1.1 | 139.04 | 124.47 | 263.51 | OK | |
r-release-macos-x86_64 | 2.1.1 | NOTE | ||||
r-release-windows-ix86+x86_64 | 2.1.1 | 424.00 | 265.00 | 689.00 | OK | |
r-oldrel-macos-x86_64 | 2.1.1 | NOTE | ||||
r-oldrel-windows-ix86+x86_64 | 2.1.1 | 348.00 | 249.00 | 597.00 | OK |
Version: 2.1.1
Check: dependencies in R code
Result: NOTE
Namespaces in Imports field not imported from:
‘PlackettLuce’ ‘StatRank’ ‘pmr’ ‘prefmod’ ‘rankdist’
All declared Imports should be used.
Flavors: r-devel-linux-x86_64-fedora-clang, r-devel-linux-x86_64-fedora-gcc, r-patched-solaris-x86, r-release-macos-x86_64, r-oldrel-macos-x86_64