CRAN Package Check Results for Package PHInfiniteEstimates

Last updated on 2024-06-13 09:55:14 CEST.

Flavor Version Tinstall Tcheck Ttotal Status Flags
r-devel-linux-x86_64-debian-clang 2.9.5 10.96 109.73 120.69 OK
r-devel-linux-x86_64-debian-gcc 2.9.5 0.40 1.57 1.97 ERROR
r-devel-linux-x86_64-fedora-clang 2.9.5 162.22 OK
r-devel-linux-x86_64-fedora-gcc 2.9.5 143.91 OK
r-devel-windows-x86_64 2.9.5 12.00 97.00 109.00 OK
r-patched-linux-x86_64 2.9.5 14.85 103.87 118.72 OK
r-release-linux-x86_64 2.9.5 12.16 108.41 120.57 OK
r-release-macos-arm64 2.9.5 40.00 OK
r-release-macos-x86_64 2.9.5 66.00 OK
r-release-windows-x86_64 2.9.5 13.00 99.00 112.00 OK
r-oldrel-macos-arm64 2.9.5 50.00 OK
r-oldrel-macos-x86_64 2.9.5 110.00 OK
r-oldrel-windows-x86_64 2.9.5 16.00 116.00 132.00 OK

Check Details

Version: 2.9.5
Check: package dependencies
Result: ERROR Packages required but not available: 'coxphf', 'nph' See section ‘The DESCRIPTION file’ in the ‘Writing R Extensions’ manual. Flavor: r-devel-linux-x86_64-debian-gcc