CRAN Package Check Results for Package PDN

Last updated on 2020-06-01 06:48:32 CEST.

Flavor Version Tinstall Tcheck Ttotal Status Flags
r-devel-linux-x86_64-debian-clang 0.1.0 9.44 132.75 142.19 OK
r-devel-linux-x86_64-debian-gcc 0.1.0 7.16 101.22 108.38 OK
r-devel-linux-x86_64-fedora-clang 0.1.0 173.65 NOTE
r-devel-linux-x86_64-fedora-gcc 0.1.0 171.84 NOTE
r-devel-windows-ix86+x86_64 0.1.0 25.00 178.00 203.00 OK
r-patched-linux-x86_64 0.1.0 8.28 133.44 141.72 OK
r-patched-solaris-x86 0.1.0 231.50 NOTE
r-release-linux-x86_64 0.1.0 9.13 131.24 140.37 OK
r-release-osx-x86_64 0.1.0 NOTE
r-release-windows-ix86+x86_64 0.1.0 21.00 160.00 181.00 OK
r-oldrel-osx-x86_64 0.1.0 NOTE
r-oldrel-windows-ix86+x86_64 0.1.0 18.00 136.00 154.00 OK

Check Details

Version: 0.1.0
Check: dependencies in R code
Result: NOTE
    Namespace in Imports field not imported from: ‘glmnet’
     All declared Imports should be used.
Flavors: r-devel-linux-x86_64-fedora-clang, r-devel-linux-x86_64-fedora-gcc, r-patched-solaris-x86, r-release-osx-x86_64, r-oldrel-osx-x86_64