CRAN Package Check Results for Package PDN

Last updated on 2019-09-20 15:47:09 CEST.

Flavor Version Tinstall Tcheck Ttotal Status Flags
r-devel-linux-x86_64-debian-clang 0.1.0 7.25 121.35 128.60 OK
r-devel-linux-x86_64-debian-gcc 0.1.0 7.32 92.69 100.01 OK
r-devel-linux-x86_64-fedora-clang 0.1.0 151.40 NOTE
r-devel-linux-x86_64-fedora-gcc 0.1.0 151.35 NOTE
r-devel-windows-ix86+x86_64 0.1.0 33.00 167.00 200.00 OK
r-patched-linux-x86_64 0.1.0 8.01 117.13 125.14 OK
r-patched-solaris-x86 0.1.0 215.20 NOTE
r-release-linux-x86_64 0.1.0 8.16 118.69 126.85 OK
r-release-windows-ix86+x86_64 0.1.0 17.00 123.00 140.00 OK
r-release-osx-x86_64 0.1.0 NOTE
r-oldrel-windows-ix86+x86_64 0.1.0 10.00 121.00 131.00 OK
r-oldrel-osx-x86_64 0.1.0 NOTE

Check Details

Version: 0.1.0
Check: dependencies in R code
Result: NOTE
    Namespace in Imports field not imported from: ‘glmnet’
     All declared Imports should be used.
Flavors: r-devel-linux-x86_64-fedora-clang, r-devel-linux-x86_64-fedora-gcc, r-patched-solaris-x86, r-release-osx-x86_64, r-oldrel-osx-x86_64