CRAN Package Check Results for Package PCObw

Last updated on 2024-07-14 23:48:17 CEST.

Flavor Version Tinstall Tcheck Ttotal Status Flags
r-devel-linux-x86_64-debian-clang 0.0.1 94.73 86.40 181.13 OK
r-devel-linux-x86_64-debian-gcc 0.0.1 74.40 63.73 138.13 OK
r-devel-linux-x86_64-fedora-clang 0.0.1 227.78 OK
r-devel-linux-x86_64-fedora-gcc 0.0.1 291.04 OK
r-devel-windows-x86_64 0.0.1 64.00 96.00 160.00 OK
r-patched-linux-x86_64 0.0.1 85.38 100.43 185.81 OK
r-release-linux-x86_64 0.0.1 92.91 93.90 186.81 OK
r-release-macos-arm64 0.0.1 53.00 NOTE
r-release-macos-x86_64 0.0.1 92.00 NOTE
r-release-windows-x86_64 0.0.1 63.00 94.00 157.00 OK
r-oldrel-macos-arm64 0.0.1 82.00 NOTE
r-oldrel-macos-x86_64 0.0.1 114.00 NOTE
r-oldrel-windows-x86_64 0.0.1 77.00 121.00 198.00 OK

Check Details

Version: 0.0.1
Check: installed package size
Result: NOTE installed size is 36.6Mb sub-directories of 1Mb or more: libs 36.4Mb Flavors: r-release-macos-arm64, r-release-macos-x86_64, r-oldrel-macos-arm64, r-oldrel-macos-x86_64