Last updated on 2023-10-02 05:06:45 CEST.
Flavor | Version | Tinstall | Tcheck | Ttotal | Status | Flags |
---|---|---|---|---|---|---|
r-devel-linux-x86_64-debian-clang | 0.0.1 | 77.14 | 69.51 | 146.65 | OK | |
r-devel-linux-x86_64-debian-gcc | 0.0.1 | 65.96 | 51.86 | 117.82 | OK | |
r-devel-linux-x86_64-fedora-clang | 0.0.1 | 194.79 | OK | |||
r-devel-linux-x86_64-fedora-gcc | 0.0.1 | 243.39 | OK | |||
r-devel-windows-x86_64 | 0.0.1 | 59.00 | 93.00 | 152.00 | OK | |
r-patched-linux-x86_64 | 0.0.1 | 77.76 | 75.64 | 153.40 | OK | |
r-release-linux-x86_64 | 0.0.1 | 89.53 | 72.86 | 162.39 | OK | |
r-release-macos-arm64 | 0.0.1 | 82.00 | NOTE | |||
r-release-macos-x86_64 | 0.0.1 | 114.00 | NOTE | |||
r-release-windows-x86_64 | 0.0.1 | 73.00 | 106.00 | 179.00 | OK | |
r-oldrel-macos-arm64 | 0.0.1 | 57.00 | NOTE | |||
r-oldrel-macos-x86_64 | 0.0.1 | 76.00 | NOTE | |||
r-oldrel-windows-x86_64 | 0.0.1 | 67.00 | 104.00 | 171.00 | OK |
Version: 0.0.1
Check: installed package size
Result: NOTE
installed size is 34.1Mb
sub-directories of 1Mb or more:
libs 33.9Mb
Flavors: r-release-macos-arm64, r-release-macos-x86_64, r-oldrel-macos-arm64, r-oldrel-macos-x86_64