CRAN Package Check Results for Package PCADSC

Last updated on 2024-02-24 02:51:43 CET.

Flavor Version Tinstall Tcheck Ttotal Status Flags
r-devel-linux-x86_64-debian-clang 0.8.0 5.72 60.22 65.94 NOTE
r-devel-linux-x86_64-debian-gcc 0.8.0 4.98 45.27 50.25 NOTE
r-devel-linux-x86_64-fedora-clang 0.8.0 82.52 NOTE
r-devel-linux-x86_64-fedora-gcc 0.8.0 76.95 NOTE
r-devel-windows-x86_64 0.8.0 7.00 61.00 68.00 NOTE
r-patched-linux-x86_64 0.8.0 5.59 57.66 63.25 NOTE
r-release-linux-x86_64 0.8.0 5.08 56.91 61.99 NOTE
r-release-macos-arm64 0.8.0 28.00 NOTE
r-release-macos-x86_64 0.8.0 41.00 NOTE
r-release-windows-x86_64 0.8.0 7.00 70.00 77.00 NOTE
r-oldrel-macos-arm64 0.8.0 27.00 NOTE
r-oldrel-windows-x86_64 0.8.0 10.00 74.00 84.00 NOTE

Check Details

Version: 0.8.0
Check: LazyData
Result: NOTE 'LazyData' is specified without a 'data' directory Flavors: r-devel-linux-x86_64-debian-clang, r-devel-linux-x86_64-debian-gcc, r-devel-linux-x86_64-fedora-clang, r-devel-linux-x86_64-fedora-gcc, r-devel-windows-x86_64, r-patched-linux-x86_64, r-release-linux-x86_64, r-release-macos-arm64, r-release-macos-x86_64, r-release-windows-x86_64, r-oldrel-macos-arm64, r-oldrel-windows-x86_64

Version: 0.8.0
Check: dependencies in R code
Result: NOTE Namespaces in Imports field not imported from: ‘Matrix’ ‘pander’ All declared Imports should be used. Flavors: r-devel-linux-x86_64-fedora-clang, r-devel-linux-x86_64-fedora-gcc, r-oldrel-macos-arm64

Version: 0.8.0
Check: Rd cross-references
Result: NOTE Undeclared packages ‘tibble’, ‘data.table’ in Rd xrefs Flavor: r-devel-linux-x86_64-fedora-clang