CRAN Package Check Results for Package PCADSC

Last updated on 2020-02-22 17:47:33 CET.

Flavor Version Tinstall Tcheck Ttotal Status Flags
r-devel-linux-x86_64-debian-clang 0.8.0 4.31 44.63 48.94 OK
r-devel-linux-x86_64-debian-gcc 0.8.0 3.61 34.19 37.80 OK
r-devel-linux-x86_64-fedora-clang 0.8.0 60.29 NOTE
r-devel-linux-x86_64-fedora-gcc 0.8.0 58.46 NOTE
r-devel-windows-ix86+x86_64 0.8.0 12.00 53.00 65.00 OK
r-devel-windows-ix86+x86_64-gcc8 0.8.0 25.00 77.00 102.00 OK
r-patched-linux-x86_64 0.8.0 OK
r-patched-solaris-x86 0.8.0 85.70 NOTE
r-release-linux-x86_64 0.8.0 3.82 39.15 42.97 OK
r-release-windows-ix86+x86_64 0.8.0 10.00 56.00 66.00 OK
r-release-osx-x86_64 0.8.0 NOTE
r-oldrel-windows-ix86+x86_64 0.8.0 6.00 53.00 59.00 OK
r-oldrel-osx-x86_64 0.8.0 NOTE

Check Details

Version: 0.8.0
Check: dependencies in R code
Result: NOTE
    Namespaces in Imports field not imported from:
     ‘Matrix’ ‘pander’
     All declared Imports should be used.
Flavors: r-devel-linux-x86_64-fedora-clang, r-devel-linux-x86_64-fedora-gcc, r-patched-solaris-x86, r-release-osx-x86_64, r-oldrel-osx-x86_64