Last updated on 2023-03-20 12:51:19 CET.
Flavor | Version | Tinstall | Tcheck | Ttotal | Status | Flags |
---|---|---|---|---|---|---|
r-devel-linux-x86_64-debian-clang | 0.8.0 | NOTE | ||||
r-devel-linux-x86_64-debian-gcc | 0.8.0 | 5.04 | 44.57 | 49.61 | NOTE | |
r-devel-linux-x86_64-fedora-clang | 0.8.0 | 81.05 | NOTE | |||
r-devel-linux-x86_64-fedora-gcc | 0.8.0 | 81.36 | NOTE | |||
r-devel-windows-x86_64 | 0.8.0 | 16.00 | 84.00 | 100.00 | NOTE | |
r-patched-linux-x86_64 | 0.8.0 | 4.97 | 57.39 | 62.36 | NOTE | |
r-release-linux-x86_64 | 0.8.0 | 5.38 | 57.14 | 62.52 | NOTE | |
r-release-macos-arm64 | 0.8.0 | 27.00 | NOTE | |||
r-release-macos-x86_64 | 0.8.0 | 48.00 | NOTE | |||
r-release-windows-x86_64 | 0.8.0 | 16.00 | 86.00 | 102.00 | NOTE | |
r-oldrel-macos-arm64 | 0.8.0 | 30.00 | NOTE | |||
r-oldrel-macos-x86_64 | 0.8.0 | 44.00 | NOTE | |||
r-oldrel-windows-ix86+x86_64 | 0.8.0 | 15.00 | 90.00 | 105.00 | NOTE |
Version: 0.8.0
Check: LazyData
Result: NOTE
'LazyData' is specified without a 'data' directory
Flavors: r-devel-linux-x86_64-debian-clang, r-devel-linux-x86_64-debian-gcc, r-devel-linux-x86_64-fedora-clang, r-devel-linux-x86_64-fedora-gcc, r-devel-windows-x86_64, r-patched-linux-x86_64, r-release-linux-x86_64, r-release-macos-arm64, r-release-macos-x86_64, r-release-windows-x86_64, r-oldrel-macos-arm64, r-oldrel-macos-x86_64, r-oldrel-windows-ix86+x86_64
Version: 0.8.0
Check: dependencies in R code
Result: NOTE
Namespaces in Imports field not imported from:
‘Matrix’ ‘pander’
All declared Imports should be used.
Flavors: r-devel-linux-x86_64-fedora-clang, r-devel-linux-x86_64-fedora-gcc, r-release-macos-arm64, r-release-macos-x86_64, r-oldrel-macos-arm64, r-oldrel-macos-x86_64
Version: 0.8.0
Check: Rd cross-references
Result: NOTE
Undeclared packages ‘tibble’, ‘data.table’ in Rd xrefs
Flavor: r-devel-linux-x86_64-fedora-clang