CRAN Package Check Results for Package PCADSC

Last updated on 2019-09-22 19:51:26 CEST.

Flavor Version Tinstall Tcheck Ttotal Status Flags
r-devel-linux-x86_64-debian-clang 0.8.0 3.92 40.08 44.00 OK
r-devel-linux-x86_64-debian-gcc 0.8.0 3.35 30.91 34.26 OK
r-devel-linux-x86_64-fedora-clang 0.8.0 53.24 NOTE
r-devel-linux-x86_64-fedora-gcc 0.8.0 50.50 NOTE
r-devel-windows-ix86+x86_64 0.8.0 20.00 79.00 99.00 OK
r-patched-linux-x86_64 0.8.0 3.55 38.76 42.31 OK
r-patched-solaris-x86 0.8.0 89.50 NOTE
r-release-linux-x86_64 0.8.0 3.77 39.13 42.90 OK
r-release-windows-ix86+x86_64 0.8.0 15.00 76.00 91.00 OK
r-release-osx-x86_64 0.8.0 NOTE
r-oldrel-windows-ix86+x86_64 0.8.0 7.00 51.00 58.00 OK
r-oldrel-osx-x86_64 0.8.0 NOTE

Check Details

Version: 0.8.0
Check: dependencies in R code
Result: NOTE
    Namespaces in Imports field not imported from:
     ‘Matrix’ ‘pander’
     All declared Imports should be used.
Flavors: r-devel-linux-x86_64-fedora-clang, r-devel-linux-x86_64-fedora-gcc, r-patched-solaris-x86, r-release-osx-x86_64, r-oldrel-osx-x86_64