Last updated on 2022-07-04 14:51:34 CEST.
Flavor | Version | Tinstall | Tcheck | Ttotal | Status | Flags |
---|---|---|---|---|---|---|
r-devel-linux-x86_64-debian-clang | 0.1.2 | 9.44 | 94.28 | 103.72 | OK | |
r-devel-linux-x86_64-debian-gcc | 0.1.2 | 5.90 | 69.83 | 75.73 | OK | |
r-devel-linux-x86_64-fedora-clang | 0.1.2 | 141.21 | OK | |||
r-devel-linux-x86_64-fedora-gcc | 0.1.2 | 127.78 | OK | |||
r-devel-windows-x86_64 | 0.1.2 | 15.00 | 114.00 | 129.00 | OK | |
r-patched-linux-x86_64 | 0.1.2 | 6.78 | 88.32 | 95.10 | OK | |
r-release-linux-x86_64 | 0.1.2 | 8.23 | 88.17 | 96.40 | OK | |
r-release-macos-arm64 | 0.1.2 | 33.00 | OK | |||
r-release-macos-x86_64 | 0.1.2 | 6.00 | ERROR | |||
r-release-windows-x86_64 | 0.1.2 | 14.00 | 116.00 | 130.00 | OK | |
r-oldrel-macos-arm64 | 0.1.2 | 15.00 | ERROR | |||
r-oldrel-macos-x86_64 | 0.1.2 | 8.00 | ERROR | |||
r-oldrel-windows-ix86+x86_64 | 0.1.2 | 23.00 | 117.00 | 140.00 | OK |
Version: 0.1.2
Check: package dependencies
Result: ERROR
Package required but not available: ‘heatmapFlex’
See section ‘The DESCRIPTION file’ in the ‘Writing R Extensions’
manual.
Flavors: r-release-macos-x86_64, r-oldrel-macos-arm64, r-oldrel-macos-x86_64