CRAN Package Check Results for Package PACVr

Last updated on 2020-09-18 20:47:33 CEST.

Flavor Version Tinstall Tcheck Ttotal Status Flags
r-devel-linux-x86_64-debian-clang 0.9.2 47.95 388.64 436.59 OK
r-devel-linux-x86_64-debian-gcc 0.9.2 39.11 295.80 334.91 OK
r-devel-linux-x86_64-fedora-clang 0.9.2 570.87 NOTE
r-devel-linux-x86_64-fedora-gcc 0.9.2 558.80 NOTE
r-patched-linux-x86_64 0.9.2 42.58 373.28 415.86 OK
r-patched-solaris-x86 0.9.2 774.00 NOTE
r-release-linux-x86_64 0.9.2 44.60 372.69 417.29 OK
r-release-macos-x86_64 0.9.2 ERROR
r-oldrel-macos-x86_64 0.9.2 ERROR

Additional issues

donttest

Check Details

Version: 0.9.2
Check: dependencies in R code
Result: NOTE
    Namespace in Imports field not imported from: ‘GenomicAlignments’
     All declared Imports should be used.
Flavors: r-devel-linux-x86_64-fedora-clang, r-devel-linux-x86_64-fedora-gcc, r-patched-solaris-x86

Version: 0.9.2
Check: package dependencies
Result: ERROR
    Package required but not available: ‘genbankr’
    
    See section ‘The DESCRIPTION file’ in the ‘Writing R Extensions’
    manual.
Flavor: r-release-macos-x86_64

Version: 0.9.2
Check: whether package can be installed
Result: ERROR
    Installation failed.
Flavor: r-oldrel-macos-x86_64