CRAN Package Check Results for Package PACVr

Last updated on 2022-08-16 03:55:36 CEST.

Flavor Version Tinstall Tcheck Ttotal Status Flags
r-devel-linux-x86_64-debian-clang 0.9.4 3.56 52.11 55.67 OK
r-devel-linux-x86_64-debian-gcc 0.9.4 3.01 40.11 43.12 OK
r-devel-linux-x86_64-fedora-clang 0.9.4 80.00 NOTE
r-devel-linux-x86_64-fedora-gcc 0.9.4 78.73 NOTE
r-devel-windows-x86_64 0.9.4 18.00 90.00 108.00 OK
r-patched-linux-x86_64 0.9.4 4.10 49.87 53.97 OK
r-release-linux-x86_64 0.9.4 4.02 50.82 54.84 OK
r-release-macos-arm64 0.9.4 7.00 ERROR
r-release-macos-x86_64 0.9.4 6.00 ERROR
r-release-windows-x86_64 0.9.4 14.00 88.00 102.00 OK
r-oldrel-macos-arm64 0.9.4 34.00 NOTE
r-oldrel-macos-x86_64 0.9.4 11.00 ERROR
r-oldrel-windows-ix86+x86_64 0.9.4 9.00 77.00 86.00 OK

Check Details

Version: 0.9.4
Check: dependencies in R code
Result: NOTE
    Namespace in Imports field not imported from: ‘optparse’
     All declared Imports should be used.
Flavors: r-devel-linux-x86_64-fedora-clang, r-devel-linux-x86_64-fedora-gcc, r-oldrel-macos-arm64

Version: 0.9.4
Check: package dependencies
Result: ERROR
    Package required but not available: ‘genbankr’
    
    See section ‘The DESCRIPTION file’ in the ‘Writing R Extensions’
    manual.
Flavors: r-release-macos-arm64, r-release-macos-x86_64, r-oldrel-macos-x86_64