CRAN Package Check Results for Package PAC

Last updated on 2024-06-20 11:50:29 CEST.

Flavor Version Tinstall Tcheck Ttotal Status Flags
r-devel-linux-x86_64-debian-clang 1.1.4 35.10 76.12 111.22 NOTE
r-devel-linux-x86_64-debian-gcc 1.1.4 21.99 58.38 80.37 NOTE
r-devel-linux-x86_64-fedora-clang 1.1.4 164.61 NOTE
r-devel-linux-x86_64-fedora-gcc 1.1.4 152.82 NOTE
r-devel-windows-x86_64 1.1.4 27.00 98.00 125.00 NOTE
r-patched-linux-x86_64 1.1.4 28.08 76.30 104.38 NOTE
r-release-linux-x86_64 1.1.4 17.85 75.42 93.27 NOTE
r-release-macos-arm64 1.1.4 45.00 NOTE
r-release-macos-x86_64 1.1.4 58.00 NOTE
r-release-windows-x86_64 1.1.4 28.00 93.00 121.00 NOTE
r-oldrel-macos-arm64 1.1.4 39.00 NOTE
r-oldrel-macos-x86_64 1.1.4 69.00 NOTE
r-oldrel-windows-x86_64 1.1.4 35.00 114.00 149.00 NOTE

Check Details

Version: 1.1.4
Check: C++ specification
Result: NOTE Specified C++11: please drop specification unless essential Flavors: r-devel-linux-x86_64-debian-clang, r-devel-linux-x86_64-debian-gcc, r-devel-linux-x86_64-fedora-clang, r-devel-linux-x86_64-fedora-gcc, r-devel-windows-x86_64, r-patched-linux-x86_64, r-release-linux-x86_64, r-release-macos-arm64, r-release-macos-x86_64, r-release-windows-x86_64, r-oldrel-macos-arm64, r-oldrel-macos-x86_64, r-oldrel-windows-x86_64