CRAN Package Check Results for Package OriGen

Last updated on 2019-09-21 17:46:56 CEST.

Flavor Version Tinstall Tcheck Ttotal Status Flags
r-devel-linux-x86_64-debian-clang 1.4.3 10.75 40.54 51.29 NOTE
r-devel-linux-x86_64-debian-gcc 1.4.3 9.35 32.37 41.72 NOTE
r-devel-linux-x86_64-fedora-clang 1.4.3 65.43 NOTE
r-devel-linux-x86_64-fedora-gcc 1.4.3 62.47 NOTE
r-devel-windows-ix86+x86_64 1.4.3 48.00 113.00 161.00 WARN
r-patched-linux-x86_64 1.4.3 12.00 39.67 51.67 NOTE
r-patched-solaris-x86 1.4.3 90.00 NOTE
r-release-linux-x86_64 1.4.3 9.68 39.05 48.73 NOTE
r-release-windows-ix86+x86_64 1.4.3 25.00 75.00 100.00 WARN
r-release-osx-x86_64 1.4.3 NOTE
r-oldrel-windows-ix86+x86_64 1.4.3 25.00 67.00 92.00 WARN
r-oldrel-osx-x86_64 1.4.3 NOTE

Check Details

Version: 1.4.3
Check: compiled code
Result: NOTE
    File 'OriGen/libs/OriGen.so':
     Found '_gfortran_st_close', possibly from 'close' (Fortran)
     Object: 'OriGen.o'
     Found '_gfortran_st_open', possibly from 'open' (Fortran)
     Object: 'OriGen.o'
     Found '_gfortran_st_read', possibly from 'read' (Fortran)
     Object: 'OriGen.o'
     Found '_gfortran_st_rewind', possibly from 'rewind' (Fortran)
     Object: 'OriGen.o'
    
    Compiled code should not call entry points which might terminate R nor
    write to stdout/stderr instead of to the console, nor use Fortran I/O
    nor system RNGs.
    
    See 'Writing portable packages' in the 'Writing R Extensions' manual.
Flavors: r-devel-linux-x86_64-debian-clang, r-devel-linux-x86_64-debian-gcc, r-patched-linux-x86_64, r-release-linux-x86_64

Version: 1.4.3
Check: compiled code
Result: NOTE
    File ‘OriGen/libs/OriGen.so’:
     Found ‘_gfortran_st_close’, possibly from ‘close’ (Fortran)
     Object: ‘OriGen.o’
     Found ‘_gfortran_st_open’, possibly from ‘open’ (Fortran)
     Object: ‘OriGen.o’
     Found ‘_gfortran_st_read’, possibly from ‘read’ (Fortran)
     Object: ‘OriGen.o’
     Found ‘_gfortran_st_rewind’, possibly from ‘rewind’ (Fortran)
     Object: ‘OriGen.o’
    File ‘OriGen/libs/OriGen.so’:
     Found no calls to: ‘R_registerRoutines’, ‘R_useDynamicSymbols’
    
    Compiled code should not call entry points which might terminate R nor
    write to stdout/stderr instead of to the console, nor use Fortran I/O
    nor system RNGs.
    It is good practice to register native routines and to disable symbol
    search.
    
    See ‘Writing portable packages’ in the ‘Writing R Extensions’ manual.
Flavors: r-devel-linux-x86_64-fedora-clang, r-devel-linux-x86_64-fedora-gcc

Version: 1.4.3
Check: compiled code
Result: WARN
    File 'OriGen/libs/i386/OriGen.dll':
     Found '_gfortran_st_close', possibly from 'close' (Fortran)
     Object: 'OriGen.o'
     Found '_gfortran_st_open', possibly from 'open' (Fortran)
     Object: 'OriGen.o'
    File 'OriGen/libs/x64/OriGen.dll':
     Found '_gfortran_st_close', possibly from 'close' (Fortran)
     Object: 'OriGen.o'
     Found '_gfortran_st_open', possibly from 'open' (Fortran)
     Object: 'OriGen.o'
    
    Compiled code should not call entry points which might terminate R nor
    write to stdout/stderr instead of to the console, nor use Fortran I/O
    nor system RNGs.
    
    See 'Writing portable packages' in the 'Writing R Extensions' manual.
Flavors: r-devel-windows-ix86+x86_64, r-release-windows-ix86+x86_64, r-oldrel-windows-ix86+x86_64

Version: 1.4.3
Check: compiled code
Result: NOTE
    File ‘OriGen/libs/OriGen.so’:
     Found ‘__f90_close’, possibly from ‘close’ (Fortran)
     Object: ‘OriGen.o’
     Found ‘__f90_esfr’, possibly from ‘read’ (Fortran)
     Object: ‘OriGen.o’
     Found ‘__f90_open’, possibly from ‘open’ (Fortran)
     Object: ‘OriGen.o’
     Found ‘__f90_rewind’, possibly from ‘rewind’ (Fortran)
     Object: ‘OriGen.o’
    
    Compiled code should not call entry points which might terminate R nor
    write to stdout/stderr instead of to the console, nor use Fortran I/O
    nor system RNGs.
    
    See ‘Writing portable packages’ in the ‘Writing R Extensions’ manual.
Flavor: r-patched-solaris-x86

Version: 1.4.3
Check: compiled code
Result: NOTE
    File ‘OriGen/libs/OriGen.so’:
     Found ‘__gfortran_st_close’, possibly from ‘close’ (Fortran)
     Object: ‘OriGen.o’
     Found ‘__gfortran_st_open’, possibly from ‘open’ (Fortran)
     Object: ‘OriGen.o’
     Found ‘__gfortran_st_read’, possibly from ‘read’ (Fortran)
     Object: ‘OriGen.o’
    
    Compiled code should not call entry points which might terminate R nor
    write to stdout/stderr instead of to the console, nor use Fortran I/O
    nor system RNGs.
    
    See ‘Writing portable packages’ in the ‘Writing R Extensions’ manual.
Flavors: r-release-osx-x86_64, r-oldrel-osx-x86_64