CRAN Package Check Results for Package OptimaRegion

Last updated on 2022-06-30 00:50:29 CEST.

Flavor Version Tinstall Tcheck Ttotal Status Flags
r-devel-linux-x86_64-debian-clang 1.1 3.41 41.04 44.45 NOTE
r-devel-linux-x86_64-debian-gcc 1.1 2.73 31.09 33.82 NOTE
r-devel-linux-x86_64-fedora-clang 1.1 63.64 NOTE
r-devel-linux-x86_64-fedora-gcc 1.1 62.97 NOTE
r-devel-windows-x86_64 1.1 30.00 65.00 95.00 NOTE
r-patched-linux-x86_64 1.1 3.88 38.98 42.86 OK
r-release-linux-x86_64 1.1 3.92 39.19 43.11 OK
r-release-macos-arm64 1.1 23.00 NOTE
r-release-macos-x86_64 1.1 33.00 NOTE
r-release-windows-x86_64 1.1 40.00 63.00 103.00 OK
r-oldrel-macos-arm64 1.1 21.00 NOTE
r-oldrel-macos-x86_64 1.1 30.00 NOTE
r-oldrel-windows-ix86+x86_64 1.1 10.00 63.00 73.00 OK

Check Details

Version: 1.1
Check: Rd files
Result: NOTE
    checkRd: (-1) quad_3D.Rd:22: Escaped LaTeX specials: \&
Flavors: r-devel-linux-x86_64-debian-clang, r-devel-linux-x86_64-debian-gcc, r-devel-linux-x86_64-fedora-clang, r-devel-linux-x86_64-fedora-gcc, r-devel-windows-x86_64

Version: 1.1
Check: dependencies in R code
Result: NOTE
    Namespace in Imports field not imported from: ‘geometry’
     All declared Imports should be used.
Flavors: r-devel-linux-x86_64-fedora-clang, r-devel-linux-x86_64-fedora-gcc, r-release-macos-arm64, r-release-macos-x86_64, r-oldrel-macos-arm64, r-oldrel-macos-x86_64