Last updated on 2023-01-28 01:50:16 CET.
Flavor | Version | Tinstall | Tcheck | Ttotal | Status | Flags |
---|---|---|---|---|---|---|
r-devel-linux-x86_64-debian-clang | 2.21.1 | 1882.40 | 445.27 | 2327.67 | NOTE | |
r-devel-linux-x86_64-debian-gcc | 2.21.1 | 1121.78 | 403.29 | 1525.07 | NOTE | |
r-devel-linux-x86_64-fedora-clang | 2.21.1 | 2570.17 | NOTE | |||
r-devel-linux-x86_64-fedora-gcc | 2.21.1 | 2392.11 | NOTE | |||
r-devel-windows-x86_64 | 2.21.1 | 1174.00 | 648.00 | 1822.00 | NOTE | |
r-patched-linux-x86_64 | 2.21.1 | 1209.03 | 460.67 | 1669.70 | NOTE | |
r-release-linux-x86_64 | 2.21.1 | 1181.51 | 459.17 | 1640.68 | NOTE | |
r-release-macos-arm64 | 2.21.1 | 408.00 | NOTE | |||
r-release-macos-x86_64 | 2.21.1 | 710.00 | NOTE | |||
r-release-windows-x86_64 | 2.21.1 | 1252.00 | 588.00 | 1840.00 | NOTE | |
r-oldrel-macos-arm64 | 2.21.1 | 379.00 | NOTE | |||
r-oldrel-macos-x86_64 | 2.21.1 | 702.00 | NOTE | |||
r-oldrel-windows-ix86+x86_64 | 2.21.1 | 2686.00 | 696.00 | 3382.00 | NOTE |
Version: 2.21.1
Check: for GNU extensions in Makefiles
Result: NOTE
GNU make is a SystemRequirements.
Flavors: r-devel-linux-x86_64-debian-clang, r-devel-linux-x86_64-debian-gcc, r-devel-linux-x86_64-fedora-clang, r-devel-linux-x86_64-fedora-gcc, r-devel-windows-x86_64, r-patched-linux-x86_64, r-release-linux-x86_64, r-release-macos-arm64, r-release-macos-x86_64, r-release-windows-x86_64, r-oldrel-macos-arm64, r-oldrel-macos-x86_64, r-oldrel-windows-ix86+x86_64
Version: 2.21.1
Check: C++ specification
Result: NOTE
Specified C++14: please update to current default of C++17
Flavors: r-devel-linux-x86_64-debian-gcc, r-devel-linux-x86_64-fedora-gcc
Version: 2.21.1
Check: installed package size
Result: NOTE
installed size is 17.5Mb
sub-directories of 1Mb or more:
R 2.6Mb
data 1.5Mb
libs 6.3Mb
models 4.8Mb
Flavors: r-devel-linux-x86_64-fedora-clang, r-devel-windows-x86_64, r-release-macos-arm64, r-release-macos-x86_64, r-release-windows-x86_64, r-oldrel-macos-arm64, r-oldrel-macos-x86_64, r-oldrel-windows-ix86+x86_64