CRAN Package Check Results for Package OpenMx

Last updated on 2024-02-29 15:53:53 CET.

Flavor Version Tinstall Tcheck Ttotal Status Flags
r-devel-linux-x86_64-debian-clang 2.21.11 1443.42 399.00 1842.42 NOTE
r-devel-linux-x86_64-debian-gcc 2.21.11 1210.38 403.40 1613.78 NOTE
r-devel-linux-x86_64-fedora-clang 2.21.11 2396.83 NOTE
r-devel-linux-x86_64-fedora-gcc 2.21.11 2972.67 NOTE
r-devel-windows-x86_64 2.21.11 1006.00 440.00 1446.00 NOTE
r-patched-linux-x86_64 2.21.11 1456.28 504.82 1961.10 NOTE
r-release-linux-x86_64 2.21.11 1483.84 490.66 1974.50 NOTE
r-release-macos-arm64 2.21.11 492.00 NOTE
r-release-macos-x86_64 2.21.11 373.00 NOTE
r-release-windows-x86_64 2.21.11 1269.00 559.00 1828.00 NOTE
r-oldrel-macos-arm64 2.21.11 483.00 NOTE
r-oldrel-windows-x86_64 2.21.11 1230.00 467.00 1697.00 NOTE

Check Details

Version: 2.21.11
Check: for GNU extensions in Makefiles
Result: NOTE GNU make is a SystemRequirements. Flavors: r-devel-linux-x86_64-debian-clang, r-devel-linux-x86_64-debian-gcc, r-devel-linux-x86_64-fedora-clang, r-devel-linux-x86_64-fedora-gcc, r-devel-windows-x86_64, r-patched-linux-x86_64, r-release-linux-x86_64, r-release-macos-arm64, r-release-macos-x86_64, r-release-windows-x86_64, r-oldrel-macos-arm64, r-oldrel-windows-x86_64

Version: 2.21.11
Check: installed package size
Result: NOTE installed size is 16.7Mb sub-directories of 1Mb or more: R 2.6Mb data 1.4Mb libs 5.5Mb models 4.8Mb Flavors: r-devel-linux-x86_64-fedora-clang, r-devel-windows-x86_64, r-release-macos-arm64, r-release-macos-x86_64, r-release-windows-x86_64, r-oldrel-macos-arm64, r-oldrel-windows-x86_64