CRAN Package Check Results for Package OpenML

Last updated on 2019-07-19 15:47:05 CEST.

Flavor Version Tinstall Tcheck Ttotal Status Flags
r-devel-linux-x86_64-debian-clang 1.8 13.52 101.20 114.72 OK
r-devel-linux-x86_64-debian-gcc 1.8 11.57 79.45 91.02 OK
r-devel-linux-x86_64-fedora-clang 1.8 136.40 OK
r-devel-linux-x86_64-fedora-gcc 1.8 131.66 OK
r-devel-windows-ix86+x86_64 1.8 41.00 154.00 195.00 OK
r-patched-linux-x86_64 1.8 12.29 99.06 111.35 OK
r-patched-solaris-x86 1.8 209.50 NOTE
r-release-linux-x86_64 1.8 12.70 98.53 111.23 OK
r-release-windows-ix86+x86_64 1.8 26.00 106.00 132.00 OK
r-release-osx-x86_64 1.8 OK
r-oldrel-windows-ix86+x86_64 1.8 17.00 105.00 122.00 OK
r-oldrel-osx-x86_64 1.8 OK

Check Details

Version: 1.8
Check: package dependencies
Result: NOTE
    Package suggested but not available for checking: ‘RWeka’
Flavor: r-patched-solaris-x86