CRAN Package Check Results for Package OpenML

Last updated on 2019-04-22 18:47:16 CEST.

Flavor Version Tinstall Tcheck Ttotal Status Flags
r-devel-linux-x86_64-debian-clang 1.8 12.78 101.51 114.29 OK
r-devel-linux-x86_64-debian-gcc 1.8 10.13 78.35 88.48 OK
r-devel-linux-x86_64-fedora-clang 1.8 135.03 OK
r-devel-linux-x86_64-fedora-gcc 1.8 134.95 OK
r-devel-windows-ix86+x86_64 1.8 37.00 144.00 181.00 OK
r-patched-linux-x86_64 1.8 12.15 98.29 110.44 OK
r-patched-solaris-x86 1.8 191.50 NOTE
r-release-linux-x86_64 1.8 10.17 95.21 105.38 OK
r-release-windows-ix86+x86_64 1.8 21.00 107.00 128.00 OK
r-release-osx-x86_64 1.8 OK
r-oldrel-windows-ix86+x86_64 1.8 33.00 154.00 187.00 OK
r-oldrel-osx-x86_64 1.8 OK

Check Details

Version: 1.8
Check: package dependencies
Result: NOTE
    Package suggested but not available for checking: ‘RWeka’
Flavor: r-patched-solaris-x86