CRAN Package Check Results for Package ORIClust

Last updated on 2023-01-27 16:49:25 CET.

Flavor Version Tinstall Tcheck Ttotal Status Flags
r-devel-linux-x86_64-debian-clang 1.0-2 3.98 43.85 47.83 NOTE
r-devel-linux-x86_64-debian-gcc 1.0-2 3.66 32.17 35.83 NOTE
r-devel-linux-x86_64-fedora-clang 1.0-2 61.98 NOTE
r-devel-linux-x86_64-fedora-gcc 1.0-2 62.86 NOTE
r-devel-windows-x86_64 1.0-2 17.00 67.00 84.00 OK
r-patched-linux-x86_64 1.0-2 5.24 42.17 47.41 NOTE
r-release-linux-x86_64 1.0-2 3.66 41.78 45.44 NOTE
r-release-macos-arm64 1.0-2 18.00 OK
r-release-macos-x86_64 1.0-2 28.00 OK
r-release-windows-x86_64 1.0-2 22.00 67.00 89.00 OK
r-oldrel-macos-arm64 1.0-2 16.00 OK
r-oldrel-macos-x86_64 1.0-2 29.00 OK
r-oldrel-windows-ix86+x86_64 1.0-2 8.00 55.00 63.00 OK

Check Details

Version: 1.0-2
Check: for non-standard things in the check directory
Result: NOTE
    Found the following files/directories:
     ‘cluster of fitted mean data.eps’ ‘cluster of fitted mean data.txt’
     ‘cluster of raw data.txt’
Flavors: r-devel-linux-x86_64-debian-clang, r-devel-linux-x86_64-debian-gcc, r-devel-linux-x86_64-fedora-clang, r-devel-linux-x86_64-fedora-gcc, r-patched-linux-x86_64, r-release-linux-x86_64