CRAN Package Check Results for Package OOI

Last updated on 2022-09-24 22:54:42 CEST.

Flavor Version Tinstall Tcheck Ttotal Status Flags
r-devel-linux-x86_64-debian-clang 0.1.0 2.03 32.40 34.43 NOTE
r-devel-linux-x86_64-debian-gcc 0.1.0 2.18 24.75 26.93 NOTE
r-devel-linux-x86_64-fedora-clang 0.1.0 52.99 NOTE
r-devel-linux-x86_64-fedora-gcc 0.1.0 52.38 NOTE
r-devel-windows-x86_64 0.1.0 11.00 59.00 70.00 NOTE
r-patched-linux-x86_64 0.1.0 2.40 30.86 33.26 NOTE
r-release-linux-x86_64 0.1.0 2.91 31.04 33.95 NOTE
r-release-macos-arm64 0.1.0 17.00 NOTE
r-release-macos-x86_64 0.1.0 23.00 NOTE
r-release-windows-x86_64 0.1.0 15.00 59.00 74.00 NOTE
r-oldrel-macos-arm64 0.1.0 20.00 NOTE
r-oldrel-macos-x86_64 0.1.0 26.00 NOTE
r-oldrel-windows-ix86+x86_64 0.1.0 6.00 54.00 60.00 NOTE

Check Details

Version: 0.1.0
Check: LazyData
Result: NOTE
     'LazyData' is specified without a 'data' directory
Flavors: r-devel-linux-x86_64-debian-clang, r-devel-linux-x86_64-debian-gcc, r-devel-linux-x86_64-fedora-clang, r-devel-linux-x86_64-fedora-gcc, r-devel-windows-x86_64, r-patched-linux-x86_64, r-release-linux-x86_64, r-release-macos-arm64, r-release-macos-x86_64, r-release-windows-x86_64, r-oldrel-macos-arm64, r-oldrel-macos-x86_64, r-oldrel-windows-ix86+x86_64