Last updated on 2023-03-20 12:51:17 CET.
Flavor | Version | Tinstall | Tcheck | Ttotal | Status | Flags |
---|---|---|---|---|---|---|
r-devel-linux-x86_64-debian-clang | 0.5.0 | OK | ||||
r-devel-linux-x86_64-debian-gcc | 0.5.0 | 10.82 | 95.98 | 106.80 | OK | |
r-devel-linux-x86_64-fedora-clang | 0.5.0 | 176.27 | OK | |||
r-devel-linux-x86_64-fedora-gcc | 0.5.0 | 176.18 | OK | |||
r-devel-windows-x86_64 | 0.5.0 | 47.00 | 159.00 | 206.00 | OK | |
r-patched-linux-x86_64 | 0.5.0 | 16.98 | 119.40 | 136.38 | OK | |
r-release-linux-x86_64 | 0.5.0 | 12.59 | 115.73 | 128.32 | OK | |
r-release-macos-arm64 | 0.5.0 | 46.00 | OK | |||
r-release-macos-x86_64 | 0.5.0 | 85.00 | OK | |||
r-release-windows-x86_64 | 0.5.0 | 53.00 | 153.00 | 206.00 | OK | |
r-oldrel-macos-arm64 | 0.5.0 | 61.00 | OK | |||
r-oldrel-macos-x86_64 | 0.5.0 | 72.00 | OK | |||
r-oldrel-windows-ix86+x86_64 | 0.5.0 | 34.00 | 150.00 | 184.00 | NOTE |
Version: 0.5.0
Check: R code for possible problems
Result: NOTE
Initiating curl with CURL_SSL_BACKEND: openssl
Flavor: r-oldrel-windows-ix86+x86_64