CRAN Package Check Results for Package NonProbEst

Last updated on 2022-08-16 19:05:44 CEST.

Flavor Version Tinstall Tcheck Ttotal Status Flags
r-devel-linux-x86_64-debian-clang 0.2.4 18.56 164.00 182.56 OK
r-devel-linux-x86_64-debian-gcc 0.2.4 13.37 123.95 137.32 OK
r-devel-linux-x86_64-fedora-clang 0.2.4 224.59 NOTE
r-devel-linux-x86_64-fedora-gcc 0.2.4 233.04 NOTE
r-devel-windows-x86_64 0.2.4 29.00 191.00 220.00 OK
r-patched-linux-x86_64 0.2.4 14.52 158.17 172.69 OK
r-release-linux-x86_64 0.2.4 11.04 155.12 166.16 OK
r-release-macos-arm64 0.2.4 63.00 NOTE
r-release-macos-x86_64 0.2.4 109.00 NOTE
r-release-windows-x86_64 0.2.4 25.00 188.00 213.00 OK
r-oldrel-macos-arm64 0.2.4 80.00 NOTE
r-oldrel-macos-x86_64 0.2.4 122.00 NOTE
r-oldrel-windows-ix86+x86_64 0.2.4 37.00 184.00 221.00 OK

Check Details

Version: 0.2.4
Check: dependencies in R code
Result: NOTE
    Namespaces in Imports field not imported from:
     ‘Matrix’ ‘e1071’ ‘glmnet’
     All declared Imports should be used.
Flavors: r-devel-linux-x86_64-fedora-clang, r-devel-linux-x86_64-fedora-gcc, r-release-macos-arm64, r-release-macos-x86_64, r-oldrel-macos-arm64, r-oldrel-macos-x86_64