CRAN Package Check Results for Package NeuralSens

Last updated on 2020-08-12 21:49:49 CEST.

Flavor Version Tinstall Tcheck Ttotal Status Flags
r-devel-linux-x86_64-debian-clang 0.2.1 0.51 2.23 2.74 ERROR
r-devel-linux-x86_64-debian-gcc 0.2.1 5.50 52.18 57.68 OK
r-devel-linux-x86_64-fedora-clang 0.2.1 99.09 OK
r-devel-linux-x86_64-fedora-gcc 0.2.1 97.07 OK
r-devel-windows-ix86+x86_64 0.2.1 28.00 110.00 138.00 OK
r-patched-linux-x86_64 0.2.1 5.51 68.37 73.88 OK
r-patched-solaris-x86 0.2.1 124.70 OK
r-release-linux-x86_64 0.2.1 0.32 2.40 2.72 ERROR
r-release-macos-x86_64 0.2.1 OK
r-release-windows-ix86+x86_64 0.2.1 22.00 111.00 133.00 OK
r-oldrel-macos-x86_64 0.2.1 OK
r-oldrel-windows-ix86+x86_64 0.2.1 9.00 75.00 84.00 OK

Check Details

Version: 0.2.1
Check: package dependencies
Result: ERROR
    Packages required but not available: 'NeuralNetTools', 'caret'
    
    See section 'The DESCRIPTION file' in the 'Writing R Extensions'
    manual.
Flavors: r-devel-linux-x86_64-debian-clang, r-release-linux-x86_64