CRAN Package Check Results for Package NetworkToolbox

Last updated on 2022-06-25 08:52:06 CEST.

Flavor Version Tinstall Tcheck Ttotal Status Flags
r-devel-linux-x86_64-debian-clang 1.4.2 8.60 87.58 96.18 OK
r-devel-linux-x86_64-debian-gcc 1.4.2 9.02 65.34 74.36 OK
r-devel-linux-x86_64-fedora-clang 1.4.2 139.08 WARN
r-devel-linux-x86_64-fedora-gcc 1.4.2 125.23 WARN
r-devel-windows-x86_64 1.4.2 142.00 130.00 272.00 OK
r-patched-linux-x86_64 1.4.2 16.47 85.03 101.50 OK
r-release-linux-x86_64 1.4.2 7.14 85.91 93.05 OK
r-release-macos-arm64 1.4.2 36.00 OK
r-release-macos-x86_64 1.4.2 58.00 OK
r-release-windows-x86_64 1.4.2 135.00 132.00 267.00 OK
r-oldrel-macos-arm64 1.4.2 42.00 OK
r-oldrel-macos-x86_64 1.4.2 53.00 OK
r-oldrel-windows-ix86+x86_64 1.4.2 22.00 125.00 147.00 OK

Check Details

Version: 1.4.2
Check: package dependencies
Result: WARN
    Requires (indirectly) orphaned package: ‘gtools’
Flavors: r-devel-linux-x86_64-fedora-clang, r-devel-linux-x86_64-fedora-gcc