CRAN Package Check Results for Package NetworkReg

Last updated on 2024-06-13 07:50:37 CEST.

Flavor Version Tinstall Tcheck Ttotal Status Flags
r-devel-linux-x86_64-debian-clang 1.1 14.14 119.02 133.16 OK
r-devel-linux-x86_64-debian-gcc 1.1 0.33 1.72 2.05 ERROR
r-devel-linux-x86_64-fedora-clang 1.1 166.86 OK
r-devel-linux-x86_64-fedora-gcc 1.1 153.52 OK
r-devel-windows-x86_64 1.1 13.00 95.00 108.00 OK
r-patched-linux-x86_64 1.1 12.22 112.98 125.20 OK
r-release-linux-x86_64 1.1 12.50 114.04 126.54 OK
r-release-macos-arm64 1.1 46.00 OK
r-release-macos-x86_64 1.1 67.00 OK
r-release-windows-x86_64 1.1 13.00 97.00 110.00 OK
r-oldrel-macos-arm64 1.1 60.00 OK
r-oldrel-macos-x86_64 1.1 135.00 OK
r-oldrel-windows-x86_64 1.1 17.00 115.00 132.00 OK

Check Details

Version: 1.1
Check: package dependencies
Result: ERROR Package required but not available: ‘randnet’ See section ‘The DESCRIPTION file’ in the ‘Writing R Extensions’ manual. Flavor: r-devel-linux-x86_64-debian-gcc