CRAN Package Check Results for Package NetRep

Last updated on 2022-05-23 18:50:36 CEST.

Flavor Version Tinstall Tcheck Ttotal Status Flags
r-devel-linux-x86_64-debian-clang 1.2.4 162.82 156.69 319.51 OK
r-devel-linux-x86_64-debian-gcc 1.2.4 130.73 118.18 248.91 OK
r-devel-linux-x86_64-fedora-clang 1.2.4 425.76 NOTE
r-devel-linux-x86_64-fedora-gcc 1.2.4 400.66 OK
r-devel-windows-x86_64 1.2.4 144.00 187.00 331.00 OK
r-patched-linux-x86_64 1.2.4 136.98 164.33 301.31 OK
r-release-linux-x86_64 1.2.4 OK
r-release-macos-arm64 1.2.4 107.00 NOTE
r-release-macos-x86_64 1.2.4 132.00 NOTE
r-release-windows-x86_64 1.2.4 140.00 201.00 341.00 OK
r-oldrel-macos-arm64 1.2.4 117.00 NOTE
r-oldrel-macos-x86_64 1.2.4 184.00 NOTE
r-oldrel-windows-ix86+x86_64 1.2.4 394.00 239.00 633.00 OK

Check Details

Version: 1.2.4
Check: installed package size
Result: NOTE
     installed size is 6.9Mb
     sub-directories of 1Mb or more:
     doc 1.4Mb
     libs 4.5Mb
Flavors: r-devel-linux-x86_64-fedora-clang, r-release-macos-arm64, r-release-macos-x86_64, r-oldrel-macos-arm64, r-oldrel-macos-x86_64