CRAN Package Check Results for Package NetMix

Last updated on 2020-06-01 06:48:31 CEST.

Flavor Version Tinstall Tcheck Ttotal Status Flags
r-devel-linux-x86_64-debian-clang 0.1.5 76.01 96.33 172.34 OK
r-devel-linux-x86_64-debian-gcc 0.1.5 60.01 72.93 132.94 OK
r-devel-linux-x86_64-fedora-clang 0.1.5 235.69 NOTE
r-devel-linux-x86_64-fedora-gcc 0.1.5 221.73 NOTE
r-devel-windows-ix86+x86_64 0.1.5 188.00 216.00 404.00 OK
r-patched-linux-x86_64 0.1.5 59.61 96.95 156.56 OK
r-patched-solaris-x86 0.1.5 273.70 NOTE
r-release-linux-x86_64 0.1.5 59.41 97.39 156.80 OK
r-release-osx-x86_64 0.1.5 NOTE
r-release-windows-ix86+x86_64 0.1.5 145.00 245.00 390.00 OK
r-oldrel-osx-x86_64 0.1.5 NOTE
r-oldrel-windows-ix86+x86_64 0.1.5 139.00 207.00 346.00 OK

Check Details

Version: 0.1.5
Check: dependencies in R code
Result: NOTE
    Namespace in Imports field not imported from: ‘clue’
     All declared Imports should be used.
Flavors: r-devel-linux-x86_64-fedora-clang, r-devel-linux-x86_64-fedora-gcc, r-patched-solaris-x86, r-release-osx-x86_64, r-oldrel-osx-x86_64