CRAN Package Check Results for Package NetLogoR

Last updated on 2018-08-19 02:47:55 CEST.

Flavor Version Tinstall Tcheck Ttotal Status Flags
r-devel-linux-x86_64-debian-clang 0.3.3 30.02 312.57 342.59 NOTE
r-devel-linux-x86_64-debian-gcc 0.3.3 26.81 253.08 279.89 NOTE
r-devel-linux-x86_64-fedora-clang 0.3.3 408.66 NOTE
r-devel-linux-x86_64-fedora-gcc 0.3.3 406.11 NOTE
r-devel-windows-ix86+x86_64 0.3.3 79.00 324.00 403.00 NOTE
r-patched-linux-x86_64 0.3.3 25.72 262.00 287.72 NOTE
r-patched-solaris-x86 0.3.3 537.60 NOTE
r-release-linux-x86_64 0.3.3 27.12 265.32 292.44 NOTE
r-release-windows-ix86+x86_64 0.3.3 81.00 390.00 471.00 NOTE
r-release-osx-x86_64 0.3.3 NOTE
r-oldrel-windows-ix86+x86_64 0.3.3 65.00 318.00 383.00 NOTE
r-oldrel-osx-x86_64 0.3.3 NOTE

Check Details

Version: 0.3.3
Check: package dependencies
Result: NOTE
    Package suggested but not available for checking: ‘fastshp’
Flavors: r-devel-linux-x86_64-debian-clang, r-devel-linux-x86_64-debian-gcc, r-devel-linux-x86_64-fedora-clang, r-devel-linux-x86_64-fedora-gcc, r-devel-windows-ix86+x86_64, r-patched-linux-x86_64, r-patched-solaris-x86, r-release-linux-x86_64, r-release-windows-ix86+x86_64, r-release-osx-x86_64, r-oldrel-windows-ix86+x86_64, r-oldrel-osx-x86_64