CRAN Package Check Results for Package NetLogoR

Last updated on 2020-08-13 06:47:36 CEST.

Flavor Version Tinstall Tcheck Ttotal Status Flags
r-devel-linux-x86_64-debian-clang 0.3.7 36.00 266.86 302.86 NOTE
r-devel-linux-x86_64-debian-gcc 0.3.7 31.90 201.76 233.66 NOTE
r-devel-linux-x86_64-fedora-clang 0.3.7 231.73 NOTE
r-devel-linux-x86_64-fedora-gcc 0.3.7 218.54 NOTE
r-devel-windows-ix86+x86_64 0.3.7 79.00 373.00 452.00 NOTE
r-patched-linux-x86_64 0.3.7 28.98 253.58 282.56 NOTE
r-patched-solaris-x86 0.3.7 5.70 ERROR
r-release-linux-x86_64 0.3.7 2.72 2.72 ERROR
r-release-macos-x86_64 0.3.7 NOTE
r-release-windows-ix86+x86_64 0.3.7 88.00 368.00 456.00 NOTE
r-oldrel-macos-x86_64 0.3.7 NOTE
r-oldrel-windows-ix86+x86_64 0.3.7 55.00 247.00 302.00 NOTE

Check Details

Version: 0.3.7
Check: package dependencies
Result: NOTE
    Package suggested but not available for checking: 'fastshp'
Flavors: r-devel-linux-x86_64-debian-clang, r-devel-linux-x86_64-debian-gcc, r-devel-linux-x86_64-fedora-clang, r-devel-linux-x86_64-fedora-gcc, r-devel-windows-ix86+x86_64, r-patched-linux-x86_64, r-release-macos-x86_64, r-release-windows-ix86+x86_64, r-oldrel-macos-x86_64, r-oldrel-windows-ix86+x86_64

Version: 0.3.7
Check: package dependencies
Result: ERROR
    Package required but not available: ‘SpaDES.tools’
    
    Packages suggested but not available for checking: 'fastshp', 'SpaDES.core'
    
    See section ‘The DESCRIPTION file’ in the ‘Writing R Extensions’
    manual.
Flavors: r-patched-solaris-x86, r-release-linux-x86_64