CRAN Package Check Results for Package NetLogoR

Last updated on 2019-02-19 11:52:17 CET.

Flavor Version Tinstall Tcheck Ttotal Status Flags
r-devel-linux-x86_64-debian-clang 0.3.5 26.60 266.08 292.68 NOTE
r-devel-linux-x86_64-debian-gcc 0.3.5 22.85 208.48 231.33 NOTE
r-devel-linux-x86_64-fedora-clang 0.3.5 360.41 NOTE
r-devel-linux-x86_64-fedora-gcc 0.3.5 329.63 NOTE
r-devel-windows-ix86+x86_64 0.3.5 62.00 357.00 419.00 NOTE
r-patched-linux-x86_64 0.3.5 24.71 244.77 269.48 NOTE
r-patched-solaris-x86 0.3.5 514.70 NOTE
r-release-linux-x86_64 0.3.5 27.76 245.67 273.43 NOTE
r-release-windows-ix86+x86_64 0.3.5 44.00 386.00 430.00 NOTE
r-release-osx-x86_64 0.3.5 NOTE
r-oldrel-windows-ix86+x86_64 0.3.5 62.00 309.00 371.00 NOTE
r-oldrel-osx-x86_64 0.3.5 NOTE

Check Details

Version: 0.3.5
Check: package dependencies
Result: NOTE
    Package suggested but not available for checking: ‘fastshp’
Flavors: r-devel-linux-x86_64-debian-clang, r-devel-linux-x86_64-debian-gcc, r-devel-linux-x86_64-fedora-clang, r-devel-linux-x86_64-fedora-gcc, r-devel-windows-ix86+x86_64, r-patched-linux-x86_64, r-patched-solaris-x86, r-release-linux-x86_64, r-release-windows-ix86+x86_64, r-release-osx-x86_64, r-oldrel-windows-ix86+x86_64, r-oldrel-osx-x86_64