CRAN Package Check Results for Package NetLogoR

Last updated on 2019-04-23 12:01:04 CEST.

Flavor Version Tinstall Tcheck Ttotal Status Flags
r-devel-linux-x86_64-debian-clang 0.3.5 32.12 262.12 294.24 NOTE
r-devel-linux-x86_64-debian-gcc 0.3.5 29.29 205.47 234.76 NOTE
r-devel-linux-x86_64-fedora-clang 0.3.5 378.14 NOTE
r-devel-linux-x86_64-fedora-gcc 0.3.5 368.56 NOTE
r-devel-windows-ix86+x86_64 0.3.5 90.00 387.00 477.00 NOTE
r-patched-linux-x86_64 0.3.5 31.77 252.18 283.95 NOTE
r-patched-solaris-x86 0.3.5 533.80 NOTE
r-release-linux-x86_64 0.3.5 26.55 247.79 274.34 NOTE
r-release-windows-ix86+x86_64 0.3.5 37.00 361.00 398.00 NOTE
r-release-osx-x86_64 0.3.5 NOTE
r-oldrel-windows-ix86+x86_64 0.3.5 89.00 435.00 524.00 NOTE
r-oldrel-osx-x86_64 0.3.5 NOTE

Check Details

Version: 0.3.5
Check: package dependencies
Result: NOTE
    Package suggested but not available for checking: 'fastshp'
Flavors: r-devel-linux-x86_64-debian-clang, r-devel-linux-x86_64-debian-gcc, r-devel-linux-x86_64-fedora-clang, r-devel-linux-x86_64-fedora-gcc, r-devel-windows-ix86+x86_64, r-patched-linux-x86_64, r-patched-solaris-x86, r-release-linux-x86_64, r-release-windows-ix86+x86_64, r-release-osx-x86_64, r-oldrel-windows-ix86+x86_64, r-oldrel-osx-x86_64