CRAN Package Check Results for Package NetLogoR

Last updated on 2019-11-21 18:48:21 CET.

Flavor Version Tinstall Tcheck Ttotal Status Flags
r-devel-linux-x86_64-debian-clang 0.3.5 34.37 277.05 311.42 NOTE
r-devel-linux-x86_64-debian-gcc 0.3.5 31.16 228.80 259.96 NOTE
r-devel-linux-x86_64-fedora-clang 0.3.5 383.48 NOTE
r-devel-linux-x86_64-fedora-gcc 0.3.5 390.41 NOTE
r-devel-windows-ix86+x86_64 0.3.5 111.00 429.00 540.00 NOTE
r-devel-windows-ix86+x86_64-gcc8 0.3.5 72.00 325.00 397.00 NOTE
r-patched-linux-x86_64 0.3.5 31.34 261.71 293.05 NOTE
r-patched-solaris-x86 0.3.5 575.30 NOTE
r-release-linux-x86_64 0.3.5 31.99 264.89 296.88 NOTE
r-release-windows-ix86+x86_64 0.3.5 99.00 423.00 522.00 NOTE
r-release-osx-x86_64 0.3.5 NOTE
r-oldrel-windows-ix86+x86_64 0.3.5 40.00 254.00 294.00 NOTE
r-oldrel-osx-x86_64 0.3.5 NOTE

Check Details

Version: 0.3.5
Check: package dependencies
Result: NOTE
    Package suggested but not available for checking: 'fastshp'
Flavors: r-devel-linux-x86_64-debian-clang, r-devel-linux-x86_64-debian-gcc, r-devel-linux-x86_64-fedora-clang, r-devel-linux-x86_64-fedora-gcc, r-devel-windows-ix86+x86_64, r-devel-windows-ix86+x86_64-gcc8, r-patched-linux-x86_64, r-patched-solaris-x86, r-release-linux-x86_64, r-release-windows-ix86+x86_64, r-release-osx-x86_64, r-oldrel-windows-ix86+x86_64, r-oldrel-osx-x86_64