CRAN Package Check Results for Package NetLogoR

Last updated on 2020-10-21 17:50:46 CEST.

Flavor Version Tinstall Tcheck Ttotal Status Flags
r-devel-linux-x86_64-debian-clang 0.3.7 41.56 281.17 322.73 NOTE
r-devel-linux-x86_64-debian-gcc 0.3.7 31.45 207.43 238.88 NOTE
r-devel-linux-x86_64-fedora-clang 0.3.7 385.01 NOTE
r-devel-linux-x86_64-fedora-gcc 0.3.7 397.10 NOTE
r-devel-windows-ix86+x86_64 0.3.7 71.00 346.00 417.00 NOTE
r-patched-linux-x86_64 0.3.7 28.73 253.85 282.58 NOTE
r-patched-solaris-x86 0.3.7 513.90 NOTE
r-release-linux-x86_64 0.3.7 32.65 254.98 287.63 NOTE
r-release-macos-x86_64 0.3.7 NOTE
r-release-windows-ix86+x86_64 0.3.7 61.00 346.00 407.00 NOTE
r-oldrel-macos-x86_64 0.3.7 NOTE
r-oldrel-windows-ix86+x86_64 0.3.7 71.00 328.00 399.00 NOTE

Check Details

Version: 0.3.7
Check: package dependencies
Result: NOTE
    Package suggested but not available for checking: 'fastshp'
Flavors: r-devel-linux-x86_64-debian-clang, r-devel-linux-x86_64-debian-gcc, r-devel-linux-x86_64-fedora-clang, r-devel-linux-x86_64-fedora-gcc, r-devel-windows-ix86+x86_64, r-patched-linux-x86_64, r-patched-solaris-x86, r-release-linux-x86_64, r-release-macos-x86_64, r-release-windows-ix86+x86_64, r-oldrel-macos-x86_64, r-oldrel-windows-ix86+x86_64