Last updated on 2022-06-27 21:51:25 CEST.
Flavor | Version | Tinstall | Tcheck | Ttotal | Status | Flags |
---|---|---|---|---|---|---|
r-devel-linux-x86_64-debian-clang | 0.3.10 | 44.41 | 391.65 | 436.06 | NOTE | |
r-devel-linux-x86_64-debian-gcc | 0.3.10 | 37.84 | 284.97 | 322.81 | NOTE | |
r-devel-linux-x86_64-fedora-clang | 0.3.10 | 523.81 | NOTE | |||
r-devel-linux-x86_64-fedora-gcc | 0.3.10 | 520.60 | NOTE | |||
r-devel-windows-x86_64 | 0.3.10 | 209.00 | 429.00 | 638.00 | NOTE | |
r-patched-linux-x86_64 | 0.3.10 | 48.12 | 370.04 | 418.16 | NOTE | |
r-release-linux-x86_64 | 0.3.10 | 31.64 | 370.61 | 402.25 | NOTE | |
r-release-macos-arm64 | 0.3.10 | 124.00 | NOTE | |||
r-release-macos-x86_64 | 0.3.10 | 238.00 | NOTE | |||
r-release-windows-x86_64 | 0.3.10 | 210.00 | 412.00 | 622.00 | NOTE | |
r-oldrel-macos-arm64 | 0.3.10 | 110.00 | NOTE | |||
r-oldrel-macos-x86_64 | 0.3.10 | 158.00 | NOTE | |||
r-oldrel-windows-ix86+x86_64 | 0.3.10 | 96.00 | 427.00 | 523.00 | NOTE |
Version: 0.3.10
Check: package dependencies
Result: NOTE
Package suggested but not available for checking: 'fastshp'
Flavors: r-devel-linux-x86_64-debian-clang, r-devel-linux-x86_64-debian-gcc, r-devel-linux-x86_64-fedora-clang, r-devel-linux-x86_64-fedora-gcc, r-devel-windows-x86_64, r-patched-linux-x86_64, r-release-linux-x86_64, r-release-macos-arm64, r-release-macos-x86_64, r-release-windows-x86_64, r-oldrel-macos-arm64, r-oldrel-macos-x86_64, r-oldrel-windows-ix86+x86_64