CRAN Package Check Results for Package NetLogoR

Last updated on 2020-06-01 05:48:20 CEST.

Flavor Version Tinstall Tcheck Ttotal Status Flags
r-devel-linux-x86_64-debian-clang 0.3.7 35.26 274.86 310.12 NOTE
r-devel-linux-x86_64-debian-gcc 0.3.7 29.47 211.15 240.62 NOTE
r-devel-linux-x86_64-fedora-clang 0.3.7 383.58 NOTE
r-devel-linux-x86_64-fedora-gcc 0.3.7 385.90 NOTE
r-devel-windows-ix86+x86_64 0.3.7 93.00 416.00 509.00 NOTE
r-patched-linux-x86_64 0.3.7 26.08 267.28 293.36 NOTE
r-patched-solaris-x86 0.3.7 561.70 NOTE
r-release-linux-x86_64 0.3.7 28.86 266.17 295.03 NOTE
r-release-osx-x86_64 0.3.7 WARN
r-release-windows-ix86+x86_64 0.3.7 72.00 303.00 375.00 NOTE
r-oldrel-osx-x86_64 0.3.7 NOTE
r-oldrel-windows-ix86+x86_64 0.3.7 65.00 290.00 355.00 NOTE

Check Details

Version: 0.3.7
Check: package dependencies
Result: NOTE
    Package suggested but not available for checking: 'fastshp'
Flavors: r-devel-linux-x86_64-debian-clang, r-devel-linux-x86_64-debian-gcc, r-devel-linux-x86_64-fedora-clang, r-devel-linux-x86_64-fedora-gcc, r-devel-windows-ix86+x86_64, r-patched-linux-x86_64, r-patched-solaris-x86, r-release-linux-x86_64, r-release-osx-x86_64, r-release-windows-ix86+x86_64, r-oldrel-osx-x86_64, r-oldrel-windows-ix86+x86_64

Version: 0.3.7
Check: re-building of vignette outputs
Result: WARN
    Error(s) in re-building vignettes:
    --- re-building ‘NLR-Dictionary.Rmd’ using rmarkdown
    dyld: lazy symbol binding failed: Symbol not found: ____chkstk_darwin
     Referenced from: /usr/local/bin/pandoc (which was built for Mac OS X 10.15)
     Expected in: /usr/lib/libSystem.B.dylib
    
    dyld: Symbol not found: ____chkstk_darwin
     Referenced from: /usr/local/bin/pandoc (which was built for Mac OS X 10.15)
     Expected in: /usr/lib/libSystem.B.dylib
    
    Error: processing vignette 'NLR-Dictionary.Rmd' failed with diagnostics:
    pandoc document conversion failed with error 6
    --- failed re-building ‘NLR-Dictionary.Rmd’
    
    --- re-building ‘ProgrammingGuide.Rmd’ using rmarkdown
    dyld: lazy symbol binding failed: Symbol not found: ____chkstk_darwin
     Referenced from: /usr/local/bin/pandoc (which was built for Mac OS X 10.15)
     Expected in: /usr/lib/libSystem.B.dylib
    
    dyld: Symbol not found: ____chkstk_darwin
     Referenced from: /usr/local/bin/pandoc (which was built for Mac OS X 10.15)
     Expected in: /usr/lib/libSystem.B.dylib
    
    Error: processing vignette 'ProgrammingGuide.Rmd' failed with diagnostics:
    pandoc document conversion failed with error 6
    --- failed re-building ‘ProgrammingGuide.Rmd’
    
    SUMMARY: processing the following files failed:
     ‘NLR-Dictionary.Rmd’ ‘ProgrammingGuide.Rmd’
    
    Error: Vignette re-building failed.
    Execution halted
Flavor: r-release-osx-x86_64