CRAN Package Check Results for Package NUCOMBog

Last updated on 2024-06-14 09:56:39 CEST.

Flavor Version Tinstall Tcheck Ttotal Status Flags
r-devel-linux-x86_64-debian-clang 1.0.4.2 2.56 33.44 36.00 NOTE
r-devel-linux-x86_64-debian-gcc 1.0.4.2 2.09 26.01 28.10 NOTE
r-devel-linux-x86_64-fedora-clang 1.0.4.2 47.53 NOTE
r-devel-linux-x86_64-fedora-gcc 1.0.4.2 56.90 NOTE
r-devel-windows-x86_64 1.0.4.2 3.00 67.00 70.00 NOTE
r-patched-linux-x86_64 1.0.4.2 2.86 31.81 34.67 NOTE
r-release-linux-x86_64 1.0.4.2 2.44 32.60 35.04 NOTE
r-release-macos-arm64 1.0.4.2 27.00 NOTE
r-release-macos-x86_64 1.0.4.2 51.00 NOTE
r-release-windows-x86_64 1.0.4.2 4.00 75.00 79.00 NOTE
r-oldrel-macos-arm64 1.0.4.2 26.00 NOTE
r-oldrel-macos-x86_64 1.0.4.2 36.00 NOTE
r-oldrel-windows-x86_64 1.0.4.2 3.00 63.00 66.00 NOTE

Check Details

Version: 1.0.4.2
Check: LazyData
Result: NOTE 'LazyData' is specified without a 'data' directory Flavors: r-devel-linux-x86_64-debian-clang, r-devel-linux-x86_64-debian-gcc, r-devel-linux-x86_64-fedora-clang, r-devel-linux-x86_64-fedora-gcc, r-devel-windows-x86_64, r-patched-linux-x86_64, r-release-linux-x86_64, r-release-macos-arm64, r-release-macos-x86_64, r-release-windows-x86_64, r-oldrel-macos-arm64, r-oldrel-macos-x86_64, r-oldrel-windows-x86_64