Last updated on 2023-12-04 18:52:23 CET.
Flavor | Version | Tinstall | Tcheck | Ttotal | Status | Flags |
---|---|---|---|---|---|---|
r-devel-linux-x86_64-debian-clang | 0.4.0 | 13.31 | 119.10 | 132.41 | NOTE | |
r-devel-linux-x86_64-debian-gcc | 0.4.0 | 9.70 | 89.49 | 99.19 | NOTE | |
r-devel-linux-x86_64-fedora-clang | 0.4.0 | 161.28 | OK | |||
r-devel-linux-x86_64-fedora-gcc | 0.4.0 | 156.58 | OK | |||
r-devel-windows-x86_64 | 0.4.0 | 10.00 | 104.00 | 114.00 | OK | |
r-patched-linux-x86_64 | 0.4.0 | 10.11 | 116.82 | 126.93 | OK | |
r-release-linux-x86_64 | 0.4.0 | 13.50 | 114.78 | 128.28 | OK | |
r-release-macos-arm64 | 0.4.0 | 49.00 | OK | |||
r-release-macos-x86_64 | 0.4.0 | 85.00 | OK | |||
r-release-windows-x86_64 | 0.4.0 | 15.00 | 122.00 | 137.00 | OK | |
r-oldrel-macos-arm64 | 0.4.0 | 81.00 | OK | |||
r-oldrel-macos-x86_64 | 0.4.0 | 136.00 | OK | |||
r-oldrel-windows-x86_64 | 0.4.0 | 15.00 | 131.00 | 146.00 | OK |
Version: 0.4.0
Check: Rd files
Result: NOTE
checkRd: (-1) NSAE.Rd:14: Lost braces; missing escapes or markup?
14 | {Maintainer}: Saurav Guha \email{saurav.iasri@gmail.com}
| ^
Flavors: r-devel-linux-x86_64-debian-clang, r-devel-linux-x86_64-debian-gcc