CRAN Package Check Results for Package NRejections

Last updated on 2023-03-23 20:50:37 CET.

Flavor Version Tinstall Tcheck Ttotal Status Flags
r-devel-linux-x86_64-debian-clang 1.2.0 2.36 30.78 33.14 NOTE
r-devel-linux-x86_64-debian-gcc 1.2.0 2.43 24.32 26.75 NOTE
r-devel-linux-x86_64-fedora-clang 1.2.0 43.25 NOTE
r-devel-linux-x86_64-fedora-gcc 1.2.0 43.56 NOTE
r-devel-windows-x86_64 1.2.0 10.00 58.00 68.00 NOTE
r-patched-linux-x86_64 1.2.0 3.36 31.18 34.54 NOTE
r-release-linux-x86_64 1.2.0 2.39 31.41 33.80 NOTE
r-release-macos-arm64 1.2.0 19.00 NOTE
r-release-macos-x86_64 1.2.0 26.00 NOTE
r-release-windows-x86_64 1.2.0 20.00 81.00 101.00 NOTE
r-oldrel-macos-arm64 1.2.0 25.00 NOTE
r-oldrel-macos-x86_64 1.2.0 31.00 NOTE
r-oldrel-windows-ix86+x86_64 1.2.0 8.00 59.00 67.00 NOTE

Check Details

Version: 1.2.0
Check: LazyData
Result: NOTE
     'LazyData' is specified without a 'data' directory
Flavors: r-devel-linux-x86_64-debian-clang, r-devel-linux-x86_64-debian-gcc, r-devel-linux-x86_64-fedora-clang, r-devel-linux-x86_64-fedora-gcc, r-devel-windows-x86_64, r-patched-linux-x86_64, r-release-linux-x86_64, r-release-macos-arm64, r-release-macos-x86_64, r-release-windows-x86_64, r-oldrel-macos-arm64, r-oldrel-macos-x86_64, r-oldrel-windows-ix86+x86_64