Last updated on 2022-05-27 19:54:01 CEST.
Flavor | Version | Tinstall | Tcheck | Ttotal | Status | Flags |
---|---|---|---|---|---|---|
r-devel-linux-x86_64-debian-clang | 1.2 | 18.80 | 139.28 | 158.08 | NOTE | |
r-devel-linux-x86_64-debian-gcc | 1.2 | 13.62 | 104.40 | 118.02 | NOTE | |
r-devel-linux-x86_64-fedora-clang | 1.2 | 193.74 | NOTE | |||
r-devel-linux-x86_64-fedora-gcc | 1.2 | 180.25 | NOTE | |||
r-devel-windows-x86_64 | 1.2 | 26.00 | 147.00 | 173.00 | NOTE | |
r-patched-linux-x86_64 | 1.2 | 18.12 | 131.41 | 149.53 | NOTE | |
r-release-linux-x86_64 | 1.2 | 15.29 | 131.36 | 146.65 | NOTE | |
r-release-macos-arm64 | 1.2 | 51.00 | NOTE | |||
r-release-macos-x86_64 | 1.2 | 85.00 | NOTE | |||
r-release-windows-x86_64 | 1.2 | 30.00 | 156.00 | 186.00 | NOTE | |
r-oldrel-macos-arm64 | 1.2 | 58.00 | NOTE | |||
r-oldrel-macos-x86_64 | 1.2 | 95.00 | NOTE | |||
r-oldrel-windows-ix86+x86_64 | 1.2 | 42.00 | 143.00 | 185.00 | NOTE |
Version: 1.2
Check: LazyData
Result: NOTE
'LazyData' is specified without a 'data' directory
Flavors: r-devel-linux-x86_64-debian-clang, r-devel-linux-x86_64-debian-gcc, r-devel-linux-x86_64-fedora-clang, r-devel-linux-x86_64-fedora-gcc, r-devel-windows-x86_64, r-patched-linux-x86_64, r-release-linux-x86_64, r-release-macos-arm64, r-release-macos-x86_64, r-release-windows-x86_64, r-oldrel-macos-arm64, r-oldrel-macos-x86_64, r-oldrel-windows-ix86+x86_64
Version: 1.2
Check: dependencies in R code
Result: NOTE
Namespaces in Imports field not imported from:
‘CAMAN’ ‘Hmisc’ ‘latexpdf’ ‘spatstat’
All declared Imports should be used.
Flavors: r-devel-linux-x86_64-fedora-clang, r-devel-linux-x86_64-fedora-gcc, r-release-macos-arm64, r-release-macos-x86_64, r-oldrel-macos-arm64, r-oldrel-macos-x86_64