CRAN Package Check Results for Package NHSDataDictionaRy

Last updated on 2024-02-26 15:53:07 CET.

Flavor Version Tinstall Tcheck Ttotal Status Flags
r-devel-linux-x86_64-debian-clang 1.2.5 4.30 60.02 64.32 OK
r-devel-linux-x86_64-debian-gcc 1.2.5 4.36 45.15 49.51 OK
r-devel-linux-x86_64-fedora-clang 1.2.5 88.43 NOTE
r-devel-linux-x86_64-fedora-gcc 1.2.5 93.13 NOTE
r-devel-windows-x86_64 1.2.5 6.00 69.00 75.00 OK
r-patched-linux-x86_64 1.2.5 4.58 55.64 60.22 OK
r-release-linux-x86_64 1.2.5 5.91 56.23 62.14 OK
r-release-macos-arm64 1.2.5 58.00 OK
r-release-macos-x86_64 1.2.5 81.00 OK
r-release-windows-x86_64 1.2.5 7.00 78.00 85.00 OK
r-oldrel-macos-arm64 1.2.5 55.00 NOTE
r-oldrel-windows-x86_64 1.2.5 9.00 82.00 91.00 OK

Check Details

Version: 1.2.5
Check: dependencies in R code
Result: NOTE Namespace in Imports field not imported from: ‘tibble’ All declared Imports should be used. Flavors: r-devel-linux-x86_64-fedora-clang, r-devel-linux-x86_64-fedora-gcc, r-oldrel-macos-arm64