Last updated on 2023-10-02 05:58:04 CEST.
Flavor | Version | Tinstall | Tcheck | Ttotal | Status | Flags |
---|---|---|---|---|---|---|
r-devel-linux-x86_64-debian-clang | 1.0.1 | 8.33 | 63.34 | 71.67 | OK | |
r-devel-linux-x86_64-debian-gcc | 1.0.1 | 6.10 | 48.06 | 54.16 | OK | |
r-devel-linux-x86_64-fedora-clang | 1.0.1 | 93.91 | NOTE | |||
r-devel-linux-x86_64-fedora-gcc | 1.0.1 | 98.75 | NOTE | |||
r-devel-windows-x86_64 | 1.0.1 | 10.00 | 72.00 | 82.00 | OK | |
r-patched-linux-x86_64 | 1.0.1 | 10.48 | 60.47 | 70.95 | OK | |
r-release-linux-x86_64 | 1.0.1 | 6.15 | 60.42 | 66.57 | OK | |
r-release-macos-arm64 | 1.0.1 | 37.00 | NOTE | |||
r-release-macos-x86_64 | 1.0.1 | 47.00 | NOTE | |||
r-release-windows-x86_64 | 1.0.1 | 14.00 | 80.00 | 94.00 | OK | |
r-oldrel-macos-arm64 | 1.0.1 | 34.00 | NOTE | |||
r-oldrel-macos-x86_64 | 1.0.1 | 58.00 | NOTE | |||
r-oldrel-windows-x86_64 | 1.0.1 | 14.00 | 89.00 | 103.00 | OK |
Version: 1.0.1
Check: package dependencies
Result: NOTE
Package suggested but not available for checking: ‘sSeq’
Flavors: r-devel-linux-x86_64-fedora-clang, r-devel-linux-x86_64-fedora-gcc, r-release-macos-arm64, r-release-macos-x86_64, r-oldrel-macos-arm64, r-oldrel-macos-x86_64
Version: 1.0.1
Check: Rd cross-references
Result: NOTE
Package unavailable to check Rd xrefs: ‘sSeq’
Flavors: r-devel-linux-x86_64-fedora-clang, r-devel-linux-x86_64-fedora-gcc, r-release-macos-arm64, r-release-macos-x86_64, r-oldrel-macos-arm64, r-oldrel-macos-x86_64