CRAN Package Check Results for Package NBLDA

Last updated on 2019-09-21 20:46:20 CEST.

Flavor Version Tinstall Tcheck Ttotal Status Flags
r-devel-linux-x86_64-debian-clang 0.99.0 5.40 41.97 47.37 WARN
r-devel-linux-x86_64-debian-gcc 0.99.0 4.93 32.56 37.49 OK
r-devel-linux-x86_64-fedora-clang 0.99.0 57.80 OK
r-devel-linux-x86_64-fedora-gcc 0.99.0 54.93 OK
r-devel-windows-ix86+x86_64 0.99.0 26.00 83.00 109.00 OK
r-patched-linux-x86_64 0.99.0 4.77 40.27 45.04 OK
r-patched-solaris-x86 0.99.0 86.20 OK
r-release-linux-x86_64 0.99.0 4.21 40.63 44.84 OK
r-release-windows-ix86+x86_64 0.99.0 11.00 64.00 75.00 OK
r-release-osx-x86_64 0.99.0 ERROR
r-oldrel-windows-ix86+x86_64 0.99.0 8.00 56.00 64.00 OK
r-oldrel-osx-x86_64 0.99.0 ERROR

Check Details

Version: 0.99.0
Check: whether package can be installed
Result: WARN
    Found the following significant warnings:
     Warning: unable to re-encode 'normalize_counts.R' line 58
Flavor: r-devel-linux-x86_64-debian-clang

Version: 0.99.0
Check: package dependencies
Result: ERROR
    Package required but not available: ‘sSeq’
    
    See section ‘The DESCRIPTION file’ in the ‘Writing R Extensions’
    manual.
Flavors: r-release-osx-x86_64, r-oldrel-osx-x86_64