CRAN Package Check Results for Package NBLDA

Last updated on 2020-06-01 06:48:31 CEST.

Flavor Version Tinstall Tcheck Ttotal Status Flags
r-devel-linux-x86_64-debian-clang 1.0.0 7.55 51.91 59.46 NOTE
r-devel-linux-x86_64-debian-gcc 1.0.0 6.12 40.16 46.28 NOTE
r-devel-linux-x86_64-fedora-clang 1.0.0 76.30 OK
r-devel-linux-x86_64-fedora-gcc 1.0.0 71.94 OK
r-devel-windows-ix86+x86_64 1.0.0 28.00 108.00 136.00 OK
r-patched-linux-x86_64 1.0.0 7.17 54.79 61.96 NOTE
r-patched-solaris-x86 1.0.0 95.80 OK
r-release-linux-x86_64 1.0.0 5.80 51.34 57.14 NOTE
r-release-osx-x86_64 1.0.0 NOTE
r-release-windows-ix86+x86_64 1.0.0 17.00 73.00 90.00 OK
r-oldrel-osx-x86_64 1.0.0 NOTE
r-oldrel-windows-ix86+x86_64 1.0.0 20.00 105.00 125.00 OK

Check Details

Version: 1.0.0
Check: Rd cross-references
Result: NOTE
    Package unavailable to check Rd xrefs: 'sSeq'
Flavors: r-devel-linux-x86_64-debian-clang, r-devel-linux-x86_64-debian-gcc, r-patched-linux-x86_64, r-release-linux-x86_64, r-release-osx-x86_64, r-oldrel-osx-x86_64