CRAN Package Check Results for Package NBLDA

Last updated on 2024-07-15 00:49:51 CEST.

Flavor Version Tinstall Tcheck Ttotal Status Flags
r-devel-linux-x86_64-debian-clang 1.0.1 9.03 63.54 72.57 OK
r-devel-linux-x86_64-debian-gcc 1.0.1 6.21 46.97 53.18 OK
r-devel-linux-x86_64-fedora-clang 1.0.1 91.11 OK
r-devel-linux-x86_64-fedora-gcc 1.0.1 85.31 OK
r-devel-windows-x86_64 1.0.1 10.00 81.00 91.00 OK
r-patched-linux-x86_64 1.0.1 7.69 60.72 68.41 OK
r-release-linux-x86_64 1.0.1 9.21 60.47 69.68 OK
r-release-macos-arm64 1.0.1 29.00 OK
r-release-macos-x86_64 1.0.1 52.00 OK
r-release-windows-x86_64 1.0.1 9.00 73.00 82.00 OK
r-oldrel-macos-arm64 1.0.1 37.00 NOTE
r-oldrel-macos-x86_64 1.0.1 47.00 NOTE
r-oldrel-windows-x86_64 1.0.1 12.00 83.00 95.00 OK

Check Details

Version: 1.0.1
Check: package dependencies
Result: NOTE Package suggested but not available for checking: ‘sSeq’ Flavors: r-oldrel-macos-arm64, r-oldrel-macos-x86_64

Version: 1.0.1
Check: Rd cross-references
Result: NOTE Package unavailable to check Rd xrefs: ‘sSeq’ Flavors: r-oldrel-macos-arm64, r-oldrel-macos-x86_64