Last updated on 2023-05-30 21:58:48 CEST.
Flavor | Version | Tinstall | Tcheck | Ttotal | Status | Flags |
---|---|---|---|---|---|---|
r-devel-linux-x86_64-debian-clang | 2.0.4 | 10.26 | 369.64 | 379.90 | OK | |
r-devel-linux-x86_64-debian-gcc | 2.0.4 | 7.63 | 245.99 | 253.62 | OK | |
r-devel-linux-x86_64-fedora-clang | 2.0.4 | 414.53 | OK | |||
r-devel-linux-x86_64-fedora-gcc | 2.0.4 | 409.22 | OK | |||
r-devel-windows-x86_64 | 2.0.4 | 12.00 | 385.00 | 397.00 | OK | |
r-patched-linux-x86_64 | 2.0.4 | 6.99 | 304.79 | 311.78 | OK | |
r-release-linux-x86_64 | 2.0.4 | 7.60 | 301.11 | 308.71 | OK | |
r-release-macos-arm64 | 2.0.4 | 98.00 | NOTE | |||
r-release-macos-x86_64 | 2.0.4 | 176.00 | OK | |||
r-release-windows-x86_64 | 2.0.4 | 12.00 | 458.00 | 470.00 | OK | |
r-oldrel-macos-arm64 | 2.0.4 | 226.00 | OK | |||
r-oldrel-macos-x86_64 | 2.0.4 | 237.00 | OK | |||
r-oldrel-windows-x86_64 | 2.0.4 | 13.00 | 563.00 | 576.00 | OK |
Version: 2.0.4
Check: package dependencies
Result: NOTE
Package suggested but not available for checking: ‘GEOquery’
Flavor: r-release-macos-arm64