CRAN Package Check Results for Package N2H4

Last updated on 2020-08-13 06:47:35 CEST.

Flavor Version Tinstall Tcheck Ttotal Status Flags
r-devel-linux-x86_64-debian-clang 0.5.7 0.44 2.24 2.68 ERROR
r-devel-linux-x86_64-debian-gcc 0.5.7 4.42 37.76 42.18 OK
r-devel-linux-x86_64-fedora-clang 0.5.7 74.27 OK
r-devel-linux-x86_64-fedora-gcc 0.5.7 63.43 OK
r-devel-windows-ix86+x86_64 0.5.7 15.00 91.00 106.00 OK
r-patched-linux-x86_64 0.5.7 6.29 47.76 54.05 OK
r-patched-solaris-x86 0.5.7 96.40 OK
r-release-linux-x86_64 0.5.7 0.47 2.34 2.81 ERROR
r-release-macos-x86_64 0.5.7 OK
r-release-windows-ix86+x86_64 0.5.7 19.00 93.00 112.00 OK
r-oldrel-macos-x86_64 0.5.7 OK
r-oldrel-windows-ix86+x86_64 0.5.7 11.00 67.00 78.00 OK

Check Details

Version: 0.5.7
Check: package dependencies
Result: ERROR
    Package required but not available: 'tidyr'
    
    See section 'The DESCRIPTION file' in the 'Writing R Extensions'
    manual.
Flavors: r-devel-linux-x86_64-debian-clang, r-release-linux-x86_64