CRAN Package Check Results for Package My.stepwise

Last updated on 2024-02-26 07:50:07 CET.

Flavor Version Tinstall Tcheck Ttotal Status Flags
r-devel-linux-x86_64-debian-clang 0.1.0 6.60 66.66 73.26 NOTE
r-devel-linux-x86_64-debian-gcc 0.1.0 6.68 51.84 58.52 NOTE
r-devel-linux-x86_64-fedora-clang 0.1.0 90.73 NOTE
r-devel-linux-x86_64-fedora-gcc 0.1.0 89.17 NOTE
r-devel-windows-x86_64 0.1.0 8.00 67.00 75.00 NOTE
r-patched-linux-x86_64 0.1.0 8.16 66.59 74.75 NOTE
r-release-linux-x86_64 0.1.0 9.08 65.29 74.37 NOTE
r-release-macos-arm64 0.1.0 34.00 NOTE
r-release-macos-x86_64 0.1.0 49.00 NOTE
r-release-windows-x86_64 0.1.0 10.00 79.00 89.00 NOTE
r-oldrel-macos-arm64 0.1.0 31.00 NOTE
r-oldrel-windows-x86_64 0.1.0 11.00 83.00 94.00 NOTE

Check Details

Version: 0.1.0
Check: LazyData
Result: NOTE 'LazyData' is specified without a 'data' directory Flavors: r-devel-linux-x86_64-debian-clang, r-devel-linux-x86_64-debian-gcc, r-devel-linux-x86_64-fedora-clang, r-devel-linux-x86_64-fedora-gcc, r-devel-windows-x86_64, r-patched-linux-x86_64, r-release-linux-x86_64, r-release-macos-arm64, r-release-macos-x86_64, r-release-windows-x86_64, r-oldrel-macos-arm64, r-oldrel-windows-x86_64