CRAN Package Check Results for Package My.stepwise

Last updated on 2023-03-27 06:50:13 CEST.

Flavor Version Tinstall Tcheck Ttotal Status Flags
r-devel-linux-x86_64-debian-clang 0.1.0 7.84 69.55 77.39 NOTE
r-devel-linux-x86_64-debian-gcc 0.1.0 7.32 54.14 61.46 NOTE
r-devel-linux-x86_64-fedora-clang 0.1.0 97.55 NOTE
r-devel-linux-x86_64-fedora-gcc 0.1.0 99.90 NOTE
r-devel-windows-x86_64 0.1.0 12.00 95.00 107.00 NOTE
r-patched-linux-x86_64 0.1.0 6.83 66.62 73.45 NOTE
r-release-linux-x86_64 0.1.0 6.14 67.81 73.95 NOTE
r-release-macos-arm64 0.1.0 31.00 NOTE
r-release-macos-x86_64 0.1.0 51.00 NOTE
r-release-windows-x86_64 0.1.0 15.00 97.00 112.00 NOTE
r-oldrel-macos-arm64 0.1.0 46.00 NOTE
r-oldrel-macos-x86_64 0.1.0 80.00 NOTE
r-oldrel-windows-ix86+x86_64 0.1.0 20.00 90.00 110.00 NOTE

Check Details

Version: 0.1.0
Check: LazyData
Result: NOTE
     'LazyData' is specified without a 'data' directory
Flavors: r-devel-linux-x86_64-debian-clang, r-devel-linux-x86_64-debian-gcc, r-devel-linux-x86_64-fedora-clang, r-devel-linux-x86_64-fedora-gcc, r-devel-windows-x86_64, r-patched-linux-x86_64, r-release-linux-x86_64, r-release-macos-arm64, r-release-macos-x86_64, r-release-windows-x86_64, r-oldrel-macos-arm64, r-oldrel-macos-x86_64, r-oldrel-windows-ix86+x86_64