Last updated on 2023-12-10 19:49:18 CET.
Flavor | Version | Tinstall | Tcheck | Ttotal | Status | Flags |
---|---|---|---|---|---|---|
r-devel-linux-x86_64-debian-clang | 0.8.2 | 54.50 | 353.66 | 408.16 | OK | |
r-devel-linux-x86_64-debian-gcc | 0.8.2 | 52.55 | 255.46 | 308.01 | OK | |
r-devel-linux-x86_64-fedora-clang | 0.8.2 | 520.52 | NOTE | |||
r-devel-linux-x86_64-fedora-gcc | 0.8.2 | 518.79 | OK | |||
r-devel-windows-x86_64 | 0.8.2 | 55.00 | 239.00 | 294.00 | NOTE | |
r-patched-linux-x86_64 | 0.8.2 | 44.86 | 339.54 | 384.40 | OK | |
r-release-linux-x86_64 | 0.8.2 | 43.36 | 336.83 | 380.19 | OK | |
r-release-macos-arm64 | 0.8.2 | 137.00 | NOTE | |||
r-release-macos-x86_64 | 0.8.2 | 329.00 | NOTE | |||
r-release-windows-x86_64 | 0.8.2 | 73.00 | 320.00 | 393.00 | NOTE | |
r-oldrel-macos-arm64 | 0.8.2 | 121.00 | NOTE | |||
r-oldrel-macos-x86_64 | 0.8.2 | 189.00 | NOTE | |||
r-oldrel-windows-x86_64 | 0.8.2 | 72.00 | 312.00 | 384.00 | NOTE |
Version: 0.8.2
Check: installed package size
Result: NOTE
installed size is 5.3Mb
sub-directories of 1Mb or more:
doc 2.7Mb
help 2.2Mb
Flavors: r-devel-linux-x86_64-fedora-clang, r-devel-windows-x86_64, r-release-macos-arm64, r-release-macos-x86_64, r-release-windows-x86_64, r-oldrel-macos-arm64, r-oldrel-macos-x86_64, r-oldrel-windows-x86_64