Last updated on 2023-03-28 02:54:58 CEST.
Flavor | Version | Tinstall | Tcheck | Ttotal | Status | Flags |
---|---|---|---|---|---|---|
r-devel-linux-x86_64-debian-clang | 1.1.3 | 8.77 | 80.16 | 88.93 | OK | |
r-devel-linux-x86_64-debian-gcc | 1.1.3 | 6.99 | 62.60 | 69.59 | OK | |
r-devel-linux-x86_64-fedora-clang | 1.1.3 | 110.36 | NOTE | |||
r-devel-linux-x86_64-fedora-gcc | 1.1.3 | 126.47 | NOTE | |||
r-patched-linux-x86_64 | 1.1.3 | 8.25 | 76.49 | 84.74 | OK | |
r-release-linux-x86_64 | 1.1.3 | 8.49 | 77.70 | 86.19 | OK | |
r-release-macos-arm64 | 1.1.3 | 31.00 | NOTE | |||
r-release-macos-x86_64 | 1.1.3 | 47.00 | NOTE | |||
r-release-windows-x86_64 | 1.1.3 | 21.00 | 110.00 | 131.00 | OK | |
r-oldrel-macos-arm64 | 1.1.3 | 40.00 | NOTE | |||
r-oldrel-macos-x86_64 | 1.1.3 | 59.00 | NOTE | |||
r-oldrel-windows-ix86+x86_64 | 1.1.3 | 20.00 | 105.00 | 125.00 | OK |
Version: 1.1.3
Check: data for non-ASCII characters
Result: NOTE
Note: found 6 marked UTF-8 strings
Flavors: r-devel-linux-x86_64-fedora-clang, r-devel-linux-x86_64-fedora-gcc, r-release-macos-arm64, r-release-macos-x86_64, r-oldrel-macos-arm64, r-oldrel-macos-x86_64