CRAN Package Check Results for Package MultiRR

Last updated on 2025-01-18 06:48:28 CET.

Flavor Version Tinstall Tcheck Ttotal Status Flags
r-devel-linux-x86_64-debian-clang 1.1 8.90 89.65 98.55 NOTE
r-devel-linux-x86_64-debian-gcc 1.1 6.21 65.83 72.04 NOTE
r-devel-linux-x86_64-fedora-clang 1.1 154.23 OK
r-devel-linux-x86_64-fedora-gcc 1.1 145.30 OK
r-devel-windows-x86_64 1.1 9.00 103.00 112.00 OK
r-patched-linux-x86_64 1.1 8.05 84.46 92.51 NOTE
r-release-linux-x86_64 1.1 7.94 84.75 92.69 NOTE
r-release-macos-arm64 1.1 49.00 OK
r-release-macos-x86_64 1.1 63.00 OK
r-release-windows-x86_64 1.1 8.00 100.00 108.00 OK
r-oldrel-macos-arm64 1.1 52.00 OK
r-oldrel-macos-x86_64 1.1 80.00 OK
r-oldrel-windows-x86_64 1.1 11.00 122.00 133.00 OK

Check Details

Version: 1.1
Check: Rd contents
Result: NOTE Auto-generated content requiring editing in Rd file 'lmerAll.Rd': \keyword: ‘~kwd2’ Auto-generated content requiring editing in Rd file 'lower2.Rd': \keyword: ‘~kwd2’ Auto-generated content requiring editing in Rd file 'mean2.Rd': \keyword: ‘~kwd2’ Auto-generated content requiring editing in Rd file 'median2.Rd': \keyword: ‘~kwd2’ Auto-generated content requiring editing in Rd file 'sd2.Rd': \keyword: ‘~kwd2’ Auto-generated content requiring editing in Rd file 'upper2.Rd': \keyword: ‘~kwd2’ Flavors: r-devel-linux-x86_64-debian-clang, r-devel-linux-x86_64-debian-gcc, r-patched-linux-x86_64, r-release-linux-x86_64