CRAN Package Check Results for Package MultiBD

Last updated on 2021-06-17 21:52:49 CEST.

Flavor Version Tinstall Tcheck Ttotal Status Flags
r-devel-linux-x86_64-debian-clang 0.2.0 113.04 151.46 264.50 OK
r-devel-linux-x86_64-debian-gcc 0.2.0 70.05 110.41 180.46 OK
r-devel-linux-x86_64-fedora-clang 0.2.0 346.05 NOTE
r-devel-linux-x86_64-fedora-gcc 0.2.0 334.38 NOTE
r-devel-windows-x86_64 0.2.0 139.00 163.00 302.00 OK
r-devel-windows-x86_64-gcc10-UCRT 0.2.0 OK
r-patched-linux-x86_64 0.2.0 87.80 158.77 246.57 OK
r-patched-solaris-x86 0.2.0 47.90 ERROR
r-release-linux-x86_64 0.2.0 84.29 159.13 243.42 OK
r-release-macos-arm64 0.2.0 NOTE
r-release-macos-x86_64 0.2.0 NOTE
r-release-windows-ix86+x86_64 0.2.0 267.00 172.00 439.00 OK
r-oldrel-macos-x86_64 0.2.0 NOTE
r-oldrel-windows-ix86+x86_64 0.2.0 206.00 162.00 368.00 OK

Check Details

Version: 0.2.0
Check: installed package size
Result: NOTE
     installed size is 5.4Mb
     sub-directories of 1Mb or more:
     libs 3.8Mb
Flavors: r-devel-linux-x86_64-fedora-clang, r-release-macos-arm64, r-release-macos-x86_64, r-oldrel-macos-x86_64

Version: 0.2.0
Check: compiled code
Result: NOTE
    File ‘MultiBD/libs/MultiBD.so’:
     Found no calls to: ‘R_registerRoutines’, ‘R_useDynamicSymbols’
    
    It is good practice to register native routines and to disable symbol
    search.
    
    See ‘Writing portable packages’ in the ‘Writing R Extensions’ manual.
Flavors: r-devel-linux-x86_64-fedora-clang, r-devel-linux-x86_64-fedora-gcc

Version: 0.2.0
Check: whether package can be installed
Result: ERROR
    Installation failed.
Flavor: r-patched-solaris-x86