CRAN Package Check Results for Package MultOrdRS

Last updated on 2021-12-04 22:59:40 CET.

Flavor Version Tinstall Tcheck Ttotal Status Flags
r-devel-linux-x86_64-debian-clang 0.1-2 47.56 49.58 97.14 OK
r-devel-linux-x86_64-debian-gcc 0.1-2 31.15 36.46 67.61 OK
r-devel-linux-x86_64-fedora-clang 0.1-2 147.19 OK
r-devel-linux-x86_64-fedora-gcc 0.1-2 111.86 OK
r-devel-windows-x86_64-new-UL 0.1-2 56.00 96.00 152.00 OK
r-devel-windows-x86_64-new-TK 0.1-2 OK
r-devel-windows-x86_64-old 0.1-2 57.00 53.00 110.00 OK
r-patched-linux-x86_64 0.1-2 38.47 37.44 75.91 OK
r-release-linux-x86_64 0.1-2 42.36 37.82 80.18 OK
r-release-macos-arm64 0.1-2 NOTE
r-release-macos-x86_64 0.1-2 OK
r-release-windows-ix86+x86_64 0.1-2 108.00 89.00 197.00 OK
r-oldrel-macos-x86_64 0.1-2 OK
r-oldrel-windows-ix86+x86_64 0.1-2 107.00 85.00 192.00 OK

Check Details

Version: 0.1-2
Check: installed package size
Result: NOTE
     installed size is 5.6Mb
     sub-directories of 1Mb or more:
     libs 5.5Mb
Flavor: r-release-macos-arm64