CRAN Package Check Results for Package Morphoscape

Last updated on 2024-07-14 08:48:27 CEST.

Flavor Version Tinstall Tcheck Ttotal Status Flags
r-devel-linux-x86_64-debian-clang 1.0.2 16.44 185.77 202.21 OK
r-devel-linux-x86_64-debian-gcc 1.0.2 10.29 136.03 146.32 OK
r-devel-linux-x86_64-fedora-clang 1.0.2 246.76 OK
r-devel-linux-x86_64-fedora-gcc 1.0.2 246.41 OK
r-devel-windows-x86_64 1.0.2 12.00 150.00 162.00 NOTE
r-patched-linux-x86_64 1.0.2 19.00 175.14 194.14 OK
r-release-linux-x86_64 1.0.2 13.30 175.12 188.42 OK
r-release-macos-arm64 1.0.2 68.00 OK
r-release-macos-x86_64 1.0.2 101.00 OK
r-release-windows-x86_64 1.0.2 12.00 139.00 151.00 OK
r-oldrel-macos-arm64 1.0.2 74.00 OK
r-oldrel-macos-x86_64 1.0.2 150.00 OK
r-oldrel-windows-x86_64 1.0.2 16.00 178.00 194.00 OK

Check Details

Version: 1.0.2
Check: Rd cross-references
Result: NOTE Found the following Rd file(s) with Rd \link{} targets missing package anchors: calcPoly.Rd: surf.gls, expcov, surf.ls, trmat resample_grid.Rd: ahull, concaveman, inahull Please provide package anchors for all Rd \link{} targets not in the package itself and the base packages. Flavor: r-devel-windows-x86_64