CRAN Package Check Results for Package MomTrunc

Last updated on 2021-11-26 23:50:07 CET.

Flavor Version Tinstall Tcheck Ttotal Status Flags
r-devel-linux-x86_64-debian-clang 5.97 69.35 79.58 148.93 OK
r-devel-linux-x86_64-debian-gcc 5.97 53.42 59.63 113.05 OK
r-devel-linux-x86_64-fedora-clang 5.97 214.12 NOTE
r-devel-linux-x86_64-fedora-gcc 5.97 192.58 OK
r-devel-windows-x86_64-new-UL 5.97 91.00 132.00 223.00 OK
r-devel-windows-x86_64-new-TK 5.97 OK
r-devel-windows-x86_64-old 5.97 60.00 115.00 175.00 OK
r-patched-linux-x86_64 5.97 61.55 76.89 138.44 OK
r-patched-solaris-x86 5.97 196.70 OK
r-release-linux-x86_64 5.97 OK
r-release-macos-arm64 5.97 NOTE
r-release-macos-x86_64 5.97 NOTE
r-release-windows-ix86+x86_64 5.97 147.00 100.00 247.00 OK
r-oldrel-macos-x86_64 5.97 NOTE
r-oldrel-windows-ix86+x86_64 5.97 111.00 132.00 243.00 OK

Check Details

Version: 5.97
Check: installed package size
Result: NOTE
     installed size is 6.1Mb
     sub-directories of 1Mb or more:
     libs 5.5Mb
Flavors: r-devel-linux-x86_64-fedora-clang, r-release-macos-arm64, r-release-macos-x86_64, r-oldrel-macos-x86_64