Last updated on 2025-01-22 11:49:38 CET.
Flavor | Version | Tinstall | Tcheck | Ttotal | Status | Flags |
---|---|---|---|---|---|---|
r-devel-linux-x86_64-debian-clang | 1.1.0 | 23.08 | 143.46 | 166.54 | NOTE | |
r-devel-linux-x86_64-debian-gcc | 1.1.0 | 14.99 | 94.94 | 109.93 | NOTE | |
r-devel-linux-x86_64-fedora-clang | 1.1.0 | 270.47 | OK | |||
r-devel-linux-x86_64-fedora-gcc | 1.1.0 | 244.47 | OK | |||
r-devel-windows-x86_64 | 1.1.0 | 22.00 | 140.00 | 162.00 | NOTE | |
r-patched-linux-x86_64 | 1.1.0 | 27.67 | 131.91 | 159.58 | OK | |
r-release-linux-x86_64 | 1.1.0 | 21.37 | 132.08 | 153.45 | OK | |
r-release-macos-arm64 | 1.1.0 | 68.00 | OK | |||
r-release-macos-x86_64 | 1.1.0 | 100.00 | OK | |||
r-release-windows-x86_64 | 1.1.0 | 22.00 | 182.00 | 204.00 | OK | |
r-oldrel-macos-arm64 | 1.1.0 | 64.00 | OK | |||
r-oldrel-macos-x86_64 | 1.1.0 | 189.00 | OK | |||
r-oldrel-windows-x86_64 | 1.1.0 | 28.00 | 184.00 | 212.00 | OK |
Version: 1.1.0
Check: Rd cross-references
Result: NOTE
Found the following Rd file(s) with Rd \link{} targets missing package
anchors:
kdeem.Rd: ucminf
mixregPvary.Rd: regmixEM
Please provide package anchors for all Rd \link{} targets not in the
package itself and the base packages.
Flavors: r-devel-linux-x86_64-debian-clang, r-devel-linux-x86_64-debian-gcc, r-devel-windows-x86_64