CRAN Package Check Results for Package MinBAR

Last updated on 2023-05-27 21:59:21 CEST.

Flavor Version Tinstall Tcheck Ttotal Status Flags
r-devel-linux-x86_64-debian-clang 1.1.3 30.92 295.35 326.27 WARN
r-devel-linux-x86_64-debian-gcc 1.1.3 25.53 218.36 243.89 WARN
r-devel-linux-x86_64-fedora-clang 1.1.3 275.11 WARN
r-devel-linux-x86_64-fedora-gcc 1.1.3 314.13 WARN
r-devel-windows-x86_64 1.1.3 24.00 196.00 220.00 WARN
r-patched-linux-x86_64 1.1.3 30.45 274.20 304.65 WARN
r-release-linux-x86_64 1.1.3 24.21 284.26 308.47 WARN
r-release-macos-arm64 1.1.3 107.00 OK
r-release-macos-x86_64 1.1.3 183.00 OK
r-release-windows-x86_64 1.1.3 36.00 266.00 302.00 WARN
r-oldrel-macos-arm64 1.1.3 78.00 NOTE
r-oldrel-macos-x86_64 1.1.3 137.00 NOTE
r-oldrel-windows-x86_64 1.1.3 36.00 249.00 285.00 WARN

Check Details

Version: 1.1.3
Check: whether package can be installed
Result: WARN
    Found the following significant warnings:
     Warning: replacing previous import ‘dismo::plot’ by ‘graphics::plot’ when loading ‘MinBAR’
Flavors: r-devel-linux-x86_64-debian-clang, r-devel-linux-x86_64-debian-gcc, r-devel-linux-x86_64-fedora-clang, r-devel-linux-x86_64-fedora-gcc, r-devel-windows-x86_64, r-patched-linux-x86_64, r-release-linux-x86_64, r-release-windows-x86_64, r-oldrel-windows-x86_64

Version: 1.1.3
Check: dependencies in R code
Result: NOTE
    Namespace in Imports field not imported from: ‘rgdal’
     All declared Imports should be used.
Flavors: r-devel-linux-x86_64-fedora-clang, r-devel-linux-x86_64-fedora-gcc, r-oldrel-macos-arm64, r-oldrel-macos-x86_64