CRAN Package Check Results for Package MigrationDetectR

Last updated on 2024-03-01 00:55:24 CET.

Flavor Version Tinstall Tcheck Ttotal Status Flags
r-devel-linux-x86_64-debian-clang 0.1.1 6.27 55.99 62.26 OK
r-devel-linux-x86_64-debian-gcc 0.1.1 4.33 42.04 46.37 OK
r-devel-linux-x86_64-fedora-clang 0.1.1 78.25 NOTE
r-devel-linux-x86_64-fedora-gcc 0.1.1 73.15 NOTE
r-devel-windows-x86_64 0.1.1 6.00 67.00 73.00 OK
r-patched-linux-x86_64 0.1.1 5.55 53.83 59.38 OK
r-release-linux-x86_64 0.1.1 4.12 53.17 57.29 OK
r-release-macos-arm64 0.1.1 26.00 OK
r-release-macos-x86_64 0.1.1 50.00 OK
r-release-windows-x86_64 0.1.1 9.00 65.00 74.00 OK
r-oldrel-macos-arm64 0.1.1 34.00 OK
r-oldrel-windows-x86_64 0.1.1 8.00 70.00 78.00 OK

Check Details

Version: 0.1.1
Check: dependencies in R code
Result: NOTE Namespace in Imports field not imported from: ‘lifecycle’ All declared Imports should be used. Flavors: r-devel-linux-x86_64-fedora-clang, r-devel-linux-x86_64-fedora-gcc