CRAN Package Check Results for Package MicrobiomeStat

Last updated on 2024-06-14 05:58:30 CEST.

Flavor Version Tinstall Tcheck Ttotal Status Flags
r-devel-linux-x86_64-debian-clang 1.2 14.84 137.15 151.99 OK
r-devel-linux-x86_64-debian-gcc 1.2 0.27 1.75 2.02 ERROR
r-devel-linux-x86_64-fedora-clang 1.2 193.76 OK
r-devel-linux-x86_64-fedora-gcc 1.2 183.46 OK
r-devel-windows-x86_64 1.2 14.00 118.00 132.00 OK
r-patched-linux-x86_64 1.2 11.65 135.90 147.55 OK
r-release-linux-x86_64 1.2 14.82 134.24 149.06 OK
r-release-macos-arm64 1.2 53.00 OK
r-release-macos-x86_64 1.2 75.00 OK
r-release-windows-x86_64 1.2 15.00 116.00 131.00 OK
r-oldrel-macos-arm64 1.2 65.00 OK
r-oldrel-macos-x86_64 1.2 145.00 OK
r-oldrel-windows-x86_64 1.2 18.00 137.00 155.00 OK

Check Details

Version: 1.2
Check: package dependencies
Result: ERROR Packages required but not available: 'ggplot2', 'ggrepel', 'lmerTest' See section ‘The DESCRIPTION file’ in the ‘Writing R Extensions’ manual. Flavor: r-devel-linux-x86_64-debian-gcc