CRAN Package Check Results for Package MiSPU

Last updated on 2021-12-03 03:55:37 CET.

Flavor Version Tinstall Tcheck Ttotal Status Flags
r-devel-linux-x86_64-debian-clang 1.0 42.00 121.28 163.28 OK
r-devel-linux-x86_64-debian-gcc 1.0 31.17 91.34 122.51 OK
r-devel-linux-x86_64-fedora-clang 1.0 229.41 NOTE
r-devel-linux-x86_64-fedora-gcc 1.0 206.47 NOTE
r-devel-windows-x86_64-new-UL 1.0 61.00 191.00 252.00 OK
r-devel-windows-x86_64-new-TK 1.0 OK
r-devel-windows-x86_64-old 1.0 58.00 118.00 176.00 OK
r-patched-linux-x86_64 1.0 35.49 113.34 148.83 OK
r-patched-solaris-x86 1.0 261.80 OK
r-release-linux-x86_64 1.0 35.12 112.63 147.75 OK
r-release-macos-arm64 1.0 OK
r-release-macos-x86_64 1.0 OK
r-release-windows-ix86+x86_64 1.0 104.00 219.00 323.00 OK
r-oldrel-macos-x86_64 1.0 OK
r-oldrel-windows-ix86+x86_64 1.0 103.00 209.00 312.00 OK

Check Details

Version: 1.0
Check: compiled code
Result: NOTE
    File ‘MiSPU/libs/MiSPU.so’:
     Found no calls to: ‘R_registerRoutines’, ‘R_useDynamicSymbols’
    
    It is good practice to register native routines and to disable symbol
    search.
    
    See ‘Writing portable packages’ in the ‘Writing R Extensions’ manual.
Flavors: r-devel-linux-x86_64-fedora-clang, r-devel-linux-x86_64-fedora-gcc