Last updated on 2023-12-11 11:53:38 CET.
Flavor | Version | Tinstall | Tcheck | Ttotal | Status | Flags |
---|---|---|---|---|---|---|
r-devel-linux-x86_64-debian-clang | 1.2.0 | 89.27 | 235.18 | 324.45 | NOTE | |
r-devel-linux-x86_64-debian-gcc | 1.2.0 | 69.42 | 182.97 | 252.39 | NOTE | |
r-devel-linux-x86_64-fedora-clang | 1.2.0 | 416.92 | OK | |||
r-devel-linux-x86_64-fedora-gcc | 1.2.0 | 418.97 | OK | |||
r-devel-windows-x86_64 | 1.2.0 | 70.00 | 215.00 | 285.00 | NOTE | |
r-patched-linux-x86_64 | 1.2.0 | 62.20 | 228.37 | 290.57 | NOTE | |
r-release-linux-x86_64 | 1.2.0 | 60.81 | 233.16 | 293.97 | NOTE | |
r-release-macos-arm64 | 1.2.0 | 115.00 | NOTE | |||
r-release-macos-x86_64 | 1.2.0 | 235.00 | NOTE | |||
r-release-windows-x86_64 | 1.2.0 | 91.00 | 269.00 | 360.00 | NOTE | |
r-oldrel-macos-arm64 | 1.2.0 | 116.00 | NOTE | |||
r-oldrel-macos-x86_64 | 1.1.2 | 124.00 | NOTE | |||
r-oldrel-windows-x86_64 | 1.2.0 | 88.00 | 248.00 | 336.00 | NOTE |
Version: 1.2.0
Check: package dependencies
Result: NOTE
Package suggested but not available for checking: ‘INLA’
Flavors: r-devel-linux-x86_64-debian-clang, r-devel-linux-x86_64-debian-gcc, r-devel-windows-x86_64, r-patched-linux-x86_64, r-release-linux-x86_64, r-release-macos-arm64, r-release-macos-x86_64, r-release-windows-x86_64, r-oldrel-macos-arm64, r-oldrel-windows-x86_64
Version: 1.2.0
Check: installed package size
Result: NOTE
installed size is 13.1Mb
sub-directories of 1Mb or more:
libs 11.9Mb
Flavors: r-release-macos-arm64, r-release-macos-x86_64, r-oldrel-macos-arm64
Version: 1.1.2
Check: package dependencies
Result: NOTE
Package suggested but not available for checking: ‘INLA’
Flavor: r-oldrel-macos-x86_64
Version: 1.1.2
Check: installed package size
Result: NOTE
installed size is 13.7Mb
sub-directories of 1Mb or more:
libs 12.8Mb
Flavor: r-oldrel-macos-x86_64