CRAN Package Check Results for Package MetaheuristicFPA

Last updated on 2021-12-04 22:59:39 CET.

Flavor Version Tinstall Tcheck Ttotal Status Flags
r-devel-linux-x86_64-debian-clang 1.0 29.72 32.58 62.30 OK
r-devel-linux-x86_64-debian-gcc 1.0 21.86 26.03 47.89 OK
r-devel-linux-x86_64-fedora-clang 1.0 96.72 NOTE
r-devel-linux-x86_64-fedora-gcc 1.0 76.32 NOTE
r-devel-windows-x86_64-new-UL 1.0 41.00 82.00 123.00 OK
r-devel-windows-x86_64-new-TK 1.0 OK
r-devel-windows-x86_64-old 1.0 40.00 42.00 82.00 OK
r-patched-linux-x86_64 1.0 25.67 23.89 49.56 OK
r-release-linux-x86_64 1.0 28.10 23.76 51.86 OK
r-release-macos-arm64 1.0 OK
r-release-macos-x86_64 1.0 OK
r-release-windows-ix86+x86_64 1.0 79.00 64.00 143.00 OK
r-oldrel-macos-x86_64 1.0 OK
r-oldrel-windows-ix86+x86_64 1.0 76.00 64.00 140.00 OK

Check Details

Version: 1.0
Check: compiled code
Result: NOTE
    File ‘MetaheuristicFPA/libs/MetaheuristicFPA.so’:
     Found no calls to: ‘R_registerRoutines’, ‘R_useDynamicSymbols’
    
    It is good practice to register native routines and to disable symbol
    search.
    
    See ‘Writing portable packages’ in the ‘Writing R Extensions’ manual.
Flavors: r-devel-linux-x86_64-fedora-clang, r-devel-linux-x86_64-fedora-gcc