Last updated on 2023-01-30 23:56:24 CET.
Flavor | Version | Tinstall | Tcheck | Ttotal | Status | Flags |
---|---|---|---|---|---|---|
r-devel-linux-x86_64-debian-clang | 2.1.2 | 16.11 | 124.19 | 140.30 | OK | |
r-devel-linux-x86_64-debian-gcc | 2.1.2 | 12.09 | 90.30 | 102.39 | OK | |
r-devel-linux-x86_64-fedora-clang | 2.1.2 | 168.78 | NOTE | |||
r-devel-linux-x86_64-fedora-gcc | 2.1.2 | 182.08 | NOTE | |||
r-devel-windows-x86_64 | 2.1.2 | 32.00 | 146.00 | 178.00 | OK | |
r-patched-linux-x86_64 | 2.1.2 | 13.40 | 117.27 | 130.67 | OK | |
r-release-linux-x86_64 | 2.1.2 | 12.28 | 118.41 | 130.69 | OK | |
r-release-macos-arm64 | 2.1.2 | 40.00 | NOTE | |||
r-release-macos-x86_64 | 2.1.2 | 83.00 | NOTE | |||
r-release-windows-x86_64 | 2.1.2 | 37.00 | 153.00 | 190.00 | OK | |
r-oldrel-macos-arm64 | 2.1.2 | 41.00 | NOTE | |||
r-oldrel-macos-x86_64 | 2.1.2 | 61.00 | NOTE | |||
r-oldrel-windows-ix86+x86_64 | 2.1.2 | 31.00 | 144.00 | 175.00 | OK |
Version: 2.1.2
Check: dependencies in R code
Result: NOTE
Namespace in Imports field not imported from: ‘metadat’
All declared Imports should be used.
Flavors: r-devel-linux-x86_64-fedora-clang, r-devel-linux-x86_64-fedora-gcc, r-release-macos-arm64, r-release-macos-x86_64, r-oldrel-macos-arm64, r-oldrel-macos-x86_64