CRAN Package Check Results for Package MetaLonDA

Last updated on 2024-04-21 06:06:12 CEST.

Flavor Version Tinstall Tcheck Ttotal Status Flags
r-devel-linux-x86_64-debian-clang 1.1.8 0.32 2.30 2.62 ERROR
r-devel-linux-x86_64-debian-gcc 1.1.8 1.83 1.83 ERROR
r-devel-linux-x86_64-fedora-clang 1.1.8 264.10 OK
r-devel-linux-x86_64-fedora-gcc 1.1.8 269.69 OK
r-prerel-macos-arm64 1.1.8 76.00 OK
r-prerel-macos-x86_64 1.1.8 181.00 OK
r-prerel-windows-x86_64 1.1.8 8.00 227.00 235.00 OK
r-patched-linux-x86_64 1.1.8 6.76 191.56 198.32 OK
r-release-linux-x86_64 1.1.8 7.21 188.77 195.98 OK
r-release-macos-arm64 1.1.8 92.00 OK
r-release-macos-x86_64 1.1.8 197.00 OK
r-release-windows-x86_64 1.1.8 9.00 261.00 270.00 OK
r-oldrel-macos-arm64 1.1.8 79.00 OK
r-oldrel-windows-x86_64 1.1.8 11.00 269.00 280.00 OK

Check Details

Version: 1.1.8
Check: package dependencies
Result: ERROR Package required but not available: ‘DESeq2’ See section ‘The DESCRIPTION file’ in the ‘Writing R Extensions’ manual. Flavors: r-devel-linux-x86_64-debian-clang, r-devel-linux-x86_64-debian-gcc