CRAN Package Check Results for Package MetaCycle

Last updated on 2024-02-25 09:53:30 CET.

Flavor Version Tinstall Tcheck Ttotal Status Flags
r-devel-linux-x86_64-debian-clang 1.2.0 9.38 98.14 107.52 NOTE
r-devel-linux-x86_64-debian-gcc 1.2.0 7.34 73.77 81.11 NOTE
r-devel-linux-x86_64-fedora-clang 1.2.0 133.74 NOTE
r-devel-linux-x86_64-fedora-gcc 1.2.0 142.01 NOTE
r-devel-windows-x86_64 1.2.0 10.00 86.00 96.00 OK
r-patched-linux-x86_64 1.2.0 12.57 95.73 108.30 NOTE
r-release-linux-x86_64 1.2.0 12.22 96.17 108.39 NOTE
r-release-macos-arm64 1.2.0 48.00 OK
r-release-macos-x86_64 1.2.0 79.00 OK
r-release-windows-x86_64 1.2.0 12.00 103.00 115.00 OK
r-oldrel-macos-arm64 1.2.0 26.00 OK
r-oldrel-windows-x86_64 1.2.0 12.00 103.00 115.00 OK

Check Details

Version: 1.2.0
Check: for non-standard things in the check directory
Result: NOTE Found the following files/directories: ‘cycHumanBloodData.csv’ ‘cycHumanBloodDesign.csv’ ‘cycMouseLiverProtein.txt’ ‘cycMouseLiverRNA.csv’ ‘cycSimu4h2d.csv’ ‘cycYeastCycle.csv’ ‘example’ Flavors: r-devel-linux-x86_64-debian-clang, r-devel-linux-x86_64-debian-gcc, r-devel-linux-x86_64-fedora-clang, r-devel-linux-x86_64-fedora-gcc, r-patched-linux-x86_64, r-release-linux-x86_64