Last updated on 2023-03-25 07:02:24 CET.
Flavor | Version | Tinstall | Tcheck | Ttotal | Status | Flags |
---|---|---|---|---|---|---|
r-devel-linux-x86_64-debian-clang | 1.2.0 | 8.08 | 99.86 | 107.94 | NOTE | |
r-devel-linux-x86_64-debian-gcc | 1.2.0 | 9.07 | 76.72 | 85.79 | NOTE | |
r-devel-linux-x86_64-fedora-clang | 1.2.0 | 137.57 | NOTE | |||
r-devel-linux-x86_64-fedora-gcc | 1.2.0 | 157.23 | NOTE | |||
r-devel-windows-x86_64 | 1.2.0 | 27.00 | 124.00 | 151.00 | OK | |
r-patched-linux-x86_64 | 1.2.0 | 9.53 | 93.85 | 103.38 | NOTE | |
r-release-linux-x86_64 | 1.2.0 | 9.92 | 95.75 | 105.67 | NOTE | |
r-release-macos-arm64 | 1.2.0 | 38.00 | OK | |||
r-release-macos-x86_64 | 1.2.0 | 55.00 | OK | |||
r-release-windows-x86_64 | 1.2.0 | 34.00 | 132.00 | 166.00 | OK | |
r-oldrel-macos-arm64 | 1.2.0 | 41.00 | OK | |||
r-oldrel-macos-x86_64 | 1.2.0 | 76.00 | OK | |||
r-oldrel-windows-ix86+x86_64 | 1.2.0 | 21.00 | 119.00 | 140.00 | OK |
Version: 1.2.0
Check: for non-standard things in the check directory
Result: NOTE
Found the following files/directories:
‘cycHumanBloodData.csv’ ‘cycHumanBloodDesign.csv’
‘cycMouseLiverProtein.txt’ ‘cycMouseLiverRNA.csv’ ‘cycSimu4h2d.csv’
‘cycYeastCycle.csv’ ‘example’
Flavors: r-devel-linux-x86_64-debian-clang, r-devel-linux-x86_64-debian-gcc, r-devel-linux-x86_64-fedora-clang, r-devel-linux-x86_64-fedora-gcc, r-patched-linux-x86_64, r-release-linux-x86_64