CRAN Package Check Results for Package MetaCycle

Last updated on 2022-12-04 21:55:42 CET.

Flavor Version Tinstall Tcheck Ttotal Status Flags
r-devel-linux-x86_64-debian-clang 1.2.0 8.37 98.76 107.13 NOTE
r-devel-linux-x86_64-debian-gcc 1.2.0 9.21 74.79 84.00 NOTE
r-devel-linux-x86_64-fedora-clang 1.2.0 152.11 NOTE
r-devel-linux-x86_64-fedora-gcc 1.2.0 151.88 NOTE
r-devel-windows-x86_64 1.2.0 25.00 121.00 146.00 OK
r-patched-linux-x86_64 1.2.0 9.15 94.55 103.70 NOTE
r-release-linux-x86_64 1.2.0 11.11 95.63 106.74 NOTE
r-release-macos-arm64 1.2.0 38.00 OK
r-release-macos-x86_64 1.2.0 55.00 OK
r-release-windows-x86_64 1.2.0 32.00 125.00 157.00 OK
r-oldrel-macos-arm64 1.2.0 41.00 OK
r-oldrel-macos-x86_64 1.2.0 76.00 OK
r-oldrel-windows-ix86+x86_64 1.2.0 23.00 127.00 150.00 OK

Check Details

Version: 1.2.0
Check: for non-standard things in the check directory
Result: NOTE
    Found the following files/directories:
     'cycHumanBloodData.csv' 'cycHumanBloodDesign.csv'
     'cycMouseLiverProtein.txt' 'cycMouseLiverRNA.csv' 'cycSimu4h2d.csv'
     'cycYeastCycle.csv' 'example'
Flavors: r-devel-linux-x86_64-debian-clang, r-devel-linux-x86_64-debian-gcc, r-devel-linux-x86_64-fedora-clang, r-devel-linux-x86_64-fedora-gcc, r-patched-linux-x86_64, r-release-linux-x86_64